{"id":3502,"date":"2022-02-04T19:09:52","date_gmt":"2022-02-04T19:09:52","guid":{"rendered":"https:\/\/energystudio-agency.ro\/demo12\/?post_type=product&#038;p=3502"},"modified":"2022-04-28T12:38:38","modified_gmt":"2022-04-28T12:38:38","slug":"baterie-externa-3-in-1-20000mah","status":"publish","type":"product","link":"https:\/\/energystudio-agency.ro\/demo12\/produs\/baterie-externa-3-in-1-20000mah\/","title":{"rendered":"\u00cenc\u0103rcare wireless Baterie extern\u0103 Mobile Power Bank 10000mah LI-POLYMER"},"content":{"rendered":"<p>&nbsp;<\/p>\n<p>&nbsp;<\/p>\n<p>Acumulatorul extern Anowl\u00a0 10000mah LI-POLYMER este usor de folosit si extrem de util atunci cand bateria telefonului sau a tabletei este pe terminate sau chiar descarcata complet in cele mai nepotrivite situatii. Este portabil, usor de transportat, ideal pentru calatorii sau pentru uzul zilnic.<\/p>\n<p>Acumulatorul are un grad extins de universalitate, fiind creat special pentru a incarca rapid orice telefon sau tableta, fiind compatibil cu orice dispozitiv Android sau IOS<\/p>\n<p>Afi\u0219aj LED \u0219i circuit de transmisie LED. Economisirea energiei \u0219i protejarea mediului. Se agit\u0103 \u0219i \u00eencepe cu nici un design buton, at\u00e2t de u\u0219or de utilizat. Eficien\u021b\u0103 bun\u0103 pentru stocarea energiei. De mare capacitate, foarte sub\u021bire \u0219i at\u00e2t de u\u0219or. Tehnologie \u00eenalt\u0103 cu manoper\u0103 rafinat\u0103. Caietul de sarcini: Main Color: whiteBattery: Li-polimerInput: DC5V2AOutput: 5V 2.4A\/QC3.0 4.5V-12V 3.0A-1.5A18WWireless Output: 5V1ADimension: 145 * 72 * 19mmNet Greutate:255gPackage incluse: 1 x Power Bank cu Cable1 x Micro USB CableNote<\/p>\n","protected":false},"excerpt":{"rendered":"<p>&nbsp; &nbsp; Acumulatorul extern Anowl\u00a0 10000mah LI-POLYMER este usor de folosit si extrem de util atunci cand bateria telefonului sau a tabletei este pe terminate sau chiar descarcata complet in cele mai nepotrivite situatii. Este portabil, usor de transportat, ideal pentru calatorii sau pentru uzul zilnic. Acumulatorul are un grad extins de universalitate, fiind creat [&hellip;]<\/p>\n","protected":false},"featured_media":3660,"comment_status":"open","ping_status":"closed","template":"","meta":[],"product_cat":[89,118,123],"product_tag":[],"class_list":{"0":"post-3502","1":"product","2":"type-product","3":"status-publish","4":"has-post-thumbnail","6":"product_cat-toate-produsele","7":"product_cat-telefoane-accesorii","8":"product_cat-suporturi-telefon","10":"first","11":"outofstock","12":"sale","13":"shipping-taxable","14":"purchasable","15":"product-type-simple"},"yoast_head":"<!-- This site is optimized with the Yoast SEO plugin v23.3 - https:\/\/yoast.com\/wordpress\/plugins\/seo\/ -->\n<title>Baterie externa 3 in 1 20000mAh Saiconcept<\/title>\n<meta name=\"description\" content=\"Acumulatorul extern este usor de folosit si extrem de util atunci cand bateria telefonului sau a tabletei este pe terminate\" \/>\n<meta name=\"robots\" content=\"index, follow, max-snippet:-1, max-image-preview:large, max-video-preview:-1\" \/>\n<link rel=\"canonical\" href=\"https:\/\/energystudio-agency.ro\/demo12\/produs\/baterie-externa-3-in-1-20000mah\/\" \/>\n<meta property=\"og:locale\" content=\"ro_RO\" \/>\n<meta property=\"og:type\" content=\"article\" \/>\n<meta property=\"og:title\" content=\"Baterie externa 3 in 1 20000mAh Saiconcept\" \/>\n<meta property=\"og:description\" content=\"Acumulatorul extern este usor de folosit si extrem de util atunci cand bateria telefonului sau a tabletei este pe terminate\" \/>\n<meta property=\"og:url\" content=\"https:\/\/energystudio-agency.ro\/demo12\/produs\/baterie-externa-3-in-1-20000mah\/\" \/>\n<meta property=\"og:site_name\" content=\"EnergyStudio Demo\" \/>\n<meta property=\"article:modified_time\" content=\"2022-04-28T12:38:38+00:00\" \/>\n<meta property=\"og:image\" content=\"https:\/\/energystudio-agency.ro\/demo12\/wp-content\/uploads\/2022\/02\/164600820_max.jpg\" \/>\n\t<meta property=\"og:image:width\" content=\"1010\" \/>\n\t<meta property=\"og:image:height\" content=\"1010\" \/>\n\t<meta property=\"og:image:type\" content=\"image\/jpeg\" \/>\n<meta name=\"twitter:card\" content=\"summary_large_image\" \/>\n<meta name=\"twitter:label1\" content=\"Timp estimat pentru citire\" \/>\n\t<meta name=\"twitter:data1\" content=\"1 minut\" \/>\n<script type=\"application\/ld+json\" class=\"yoast-schema-graph\">{\"@context\":\"https:\/\/schema.org\",\"@graph\":[{\"@type\":\"WebPage\",\"@id\":\"https:\/\/energystudio-agency.ro\/demo12\/produs\/baterie-externa-3-in-1-20000mah\/\",\"url\":\"https:\/\/energystudio-agency.ro\/demo12\/produs\/baterie-externa-3-in-1-20000mah\/\",\"name\":\"Baterie externa 3 in 1 20000mAh Saiconcept\",\"isPartOf\":{\"@id\":\"https:\/\/energystudio-agency.ro\/demo12\/#website\"},\"primaryImageOfPage\":{\"@id\":\"https:\/\/energystudio-agency.ro\/demo12\/produs\/baterie-externa-3-in-1-20000mah\/#primaryimage\"},\"image\":{\"@id\":\"https:\/\/energystudio-agency.ro\/demo12\/produs\/baterie-externa-3-in-1-20000mah\/#primaryimage\"},\"thumbnailUrl\":\"https:\/\/energystudio-agency.ro\/demo12\/wp-content\/uploads\/2022\/02\/164600820_max.jpg\",\"datePublished\":\"2022-02-04T19:09:52+00:00\",\"dateModified\":\"2022-04-28T12:38:38+00:00\",\"description\":\"Acumulatorul extern este usor de folosit si extrem de util atunci cand bateria telefonului sau a tabletei este pe terminate\",\"breadcrumb\":{\"@id\":\"https:\/\/energystudio-agency.ro\/demo12\/produs\/baterie-externa-3-in-1-20000mah\/#breadcrumb\"},\"inLanguage\":\"ro-RO\",\"potentialAction\":[{\"@type\":\"ReadAction\",\"target\":[\"https:\/\/energystudio-agency.ro\/demo12\/produs\/baterie-externa-3-in-1-20000mah\/\"]}]},{\"@type\":\"ImageObject\",\"inLanguage\":\"ro-RO\",\"@id\":\"https:\/\/energystudio-agency.ro\/demo12\/produs\/baterie-externa-3-in-1-20000mah\/#primaryimage\",\"url\":\"https:\/\/energystudio-agency.ro\/demo12\/wp-content\/uploads\/2022\/02\/164600820_max.jpg\",\"contentUrl\":\"https:\/\/energystudio-agency.ro\/demo12\/wp-content\/uploads\/2022\/02\/164600820_max.jpg\",\"width\":1010,\"height\":1010},{\"@type\":\"BreadcrumbList\",\"@id\":\"https:\/\/energystudio-agency.ro\/demo12\/produs\/baterie-externa-3-in-1-20000mah\/#breadcrumb\",\"itemListElement\":[{\"@type\":\"ListItem\",\"position\":1,\"name\":\"Prima pagin\u0103\",\"item\":\"https:\/\/energystudio-agency.ro\/demo12\/\"},{\"@type\":\"ListItem\",\"position\":2,\"name\":\"Shop\",\"item\":\"https:\/\/energystudio-agency.ro\/demo12\/shop\/\"},{\"@type\":\"ListItem\",\"position\":3,\"name\":\"\u00cenc\u0103rcare wireless Baterie extern\u0103 Mobile Power Bank 10000mah LI-POLYMER\"}]},{\"@type\":\"WebSite\",\"@id\":\"https:\/\/energystudio-agency.ro\/demo12\/#website\",\"url\":\"https:\/\/energystudio-agency.ro\/demo12\/\",\"name\":\"EnergyStudio Demo\",\"description\":\"Magazin Online\",\"potentialAction\":[{\"@type\":\"SearchAction\",\"target\":{\"@type\":\"EntryPoint\",\"urlTemplate\":\"https:\/\/energystudio-agency.ro\/demo12\/?s={search_term_string}\"},\"query-input\":\"required name=search_term_string\"}],\"inLanguage\":\"ro-RO\"}]}<\/script>\n<!-- \/ Yoast SEO plugin. -->","yoast_head_json":{"title":"Baterie externa 3 in 1 20000mAh Saiconcept","description":"Acumulatorul extern este usor de folosit si extrem de util atunci cand bateria telefonului sau a tabletei este pe terminate","robots":{"index":"index","follow":"follow","max-snippet":"max-snippet:-1","max-image-preview":"max-image-preview:large","max-video-preview":"max-video-preview:-1"},"canonical":"https:\/\/energystudio-agency.ro\/demo12\/produs\/baterie-externa-3-in-1-20000mah\/","og_locale":"ro_RO","og_type":"article","og_title":"Baterie externa 3 in 1 20000mAh Saiconcept","og_description":"Acumulatorul extern este usor de folosit si extrem de util atunci cand bateria telefonului sau a tabletei este pe terminate","og_url":"https:\/\/energystudio-agency.ro\/demo12\/produs\/baterie-externa-3-in-1-20000mah\/","og_site_name":"EnergyStudio Demo","article_modified_time":"2022-04-28T12:38:38+00:00","og_image":[{"width":1010,"height":1010,"url":"https:\/\/energystudio-agency.ro\/demo12\/wp-content\/uploads\/2022\/02\/164600820_max.jpg","type":"image\/jpeg"}],"twitter_card":"summary_large_image","twitter_misc":{"Timp estimat pentru citire":"1 minut"},"schema":{"@context":"https:\/\/schema.org","@graph":[{"@type":"WebPage","@id":"https:\/\/energystudio-agency.ro\/demo12\/produs\/baterie-externa-3-in-1-20000mah\/","url":"https:\/\/energystudio-agency.ro\/demo12\/produs\/baterie-externa-3-in-1-20000mah\/","name":"Baterie externa 3 in 1 20000mAh Saiconcept","isPartOf":{"@id":"https:\/\/energystudio-agency.ro\/demo12\/#website"},"primaryImageOfPage":{"@id":"https:\/\/energystudio-agency.ro\/demo12\/produs\/baterie-externa-3-in-1-20000mah\/#primaryimage"},"image":{"@id":"https:\/\/energystudio-agency.ro\/demo12\/produs\/baterie-externa-3-in-1-20000mah\/#primaryimage"},"thumbnailUrl":"https:\/\/energystudio-agency.ro\/demo12\/wp-content\/uploads\/2022\/02\/164600820_max.jpg","datePublished":"2022-02-04T19:09:52+00:00","dateModified":"2022-04-28T12:38:38+00:00","description":"Acumulatorul extern este usor de folosit si extrem de util atunci cand bateria telefonului sau a tabletei este pe terminate","breadcrumb":{"@id":"https:\/\/energystudio-agency.ro\/demo12\/produs\/baterie-externa-3-in-1-20000mah\/#breadcrumb"},"inLanguage":"ro-RO","potentialAction":[{"@type":"ReadAction","target":["https:\/\/energystudio-agency.ro\/demo12\/produs\/baterie-externa-3-in-1-20000mah\/"]}]},{"@type":"ImageObject","inLanguage":"ro-RO","@id":"https:\/\/energystudio-agency.ro\/demo12\/produs\/baterie-externa-3-in-1-20000mah\/#primaryimage","url":"https:\/\/energystudio-agency.ro\/demo12\/wp-content\/uploads\/2022\/02\/164600820_max.jpg","contentUrl":"https:\/\/energystudio-agency.ro\/demo12\/wp-content\/uploads\/2022\/02\/164600820_max.jpg","width":1010,"height":1010},{"@type":"BreadcrumbList","@id":"https:\/\/energystudio-agency.ro\/demo12\/produs\/baterie-externa-3-in-1-20000mah\/#breadcrumb","itemListElement":[{"@type":"ListItem","position":1,"name":"Prima pagin\u0103","item":"https:\/\/energystudio-agency.ro\/demo12\/"},{"@type":"ListItem","position":2,"name":"Shop","item":"https:\/\/energystudio-agency.ro\/demo12\/shop\/"},{"@type":"ListItem","position":3,"name":"\u00cenc\u0103rcare wireless Baterie extern\u0103 Mobile Power Bank 10000mah LI-POLYMER"}]},{"@type":"WebSite","@id":"https:\/\/energystudio-agency.ro\/demo12\/#website","url":"https:\/\/energystudio-agency.ro\/demo12\/","name":"EnergyStudio Demo","description":"Magazin Online","potentialAction":[{"@type":"SearchAction","target":{"@type":"EntryPoint","urlTemplate":"https:\/\/energystudio-agency.ro\/demo12\/?s={search_term_string}"},"query-input":"required name=search_term_string"}],"inLanguage":"ro-RO"}]}},"_links":{"self":[{"href":"https:\/\/energystudio-agency.ro\/demo12\/wp-json\/wp\/v2\/product\/3502","targetHints":{"allow":["GET"]}}],"collection":[{"href":"https:\/\/energystudio-agency.ro\/demo12\/wp-json\/wp\/v2\/product"}],"about":[{"href":"https:\/\/energystudio-agency.ro\/demo12\/wp-json\/wp\/v2\/types\/product"}],"replies":[{"embeddable":true,"href":"https:\/\/energystudio-agency.ro\/demo12\/wp-json\/wp\/v2\/comments?post=3502"}],"wp:featuredmedia":[{"embeddable":true,"href":"https:\/\/energystudio-agency.ro\/demo12\/wp-json\/wp\/v2\/media\/3660"}],"wp:attachment":[{"href":"https:\/\/energystudio-agency.ro\/demo12\/wp-json\/wp\/v2\/media?parent=3502"}],"wp:term":[{"taxonomy":"product_cat","embeddable":true,"href":"https:\/\/energystudio-agency.ro\/demo12\/wp-json\/wp\/v2\/product_cat?post=3502"},{"taxonomy":"product_tag","embeddable":true,"href":"https:\/\/energystudio-agency.ro\/demo12\/wp-json\/wp\/v2\/product_tag?post=3502"}],"curies":[{"name":"wp","href":"https:\/\/api.w.org\/{rel}","templated":true}]}}