{"id":16514,"date":"2022-12-13T21:02:03","date_gmt":"2022-12-13T21:02:03","guid":{"rendered":"https:\/\/energystudio-agency.ro\/demo15\/?post_type=product&#038;p=16514"},"modified":"2022-12-13T21:14:47","modified_gmt":"2022-12-13T21:14:47","slug":"camera-wireless-rotativa-inteligenta-q-s3","status":"publish","type":"product","link":"https:\/\/energystudio-agency.ro\/demo15\/shop\/casa-si-gradina\/smart-home\/camera-wireless-rotativa-inteligenta-q-s3\/","title":{"rendered":"Camer\u0103 wireless rotativ\u0103 inteligent\u0103 Q-S3"},"content":{"rendered":"<p>Utiliza\u021bi camera inteligent\u0103 Q-S3 cu 2 antene pentru a vedea videoclipul live de acas\u0103 sau de la birou direct pe telefonul mobil de oriunde din lume.<\/p>\n<p>Ofer\u0103 monitorizare live cu supraveghere de detectare a mi\u0219c\u0103rii.<\/p>\n<p>Cu rota\u021bie \u0219i control de 360 de grade de pe mobil, fiecare col\u021b al casei dvs. este acum vizibil! Foarte u\u0219or de configurat.<\/p>\n<p>Func\u021bia Plug and Play.<\/p>\n<p>Videoclip clar clar de fiecare dat\u0103.<\/p>\n<p>Rezolu\u021bia camerei de securitate intern\u0103: 1080P Full HD.<\/p>\n<p>Rezolu\u021bia camerei: 5.0MP.<\/p>\n<p>Obiectivul camerei IP: rotativ 355.<\/p>\n<p>Stocare camer\u0103 pentru monitor pentru bebelu\u0219i: Micro TF (Max 128GB).<\/p>\n<p>Compresie video a camerei de securitate: H.264, suport dual curent.<\/p>\n<p>Distan\u021ba de iluminare \u00een infraro\u0219u: 0-10M (\u00een func\u021bie de mediu).<\/p>\n<p>Putere intern\u0103 a camerei WiFi: DC 5V.<\/p>\n","protected":false},"excerpt":{"rendered":"<p>Utiliza\u021bi camera inteligent\u0103 Q-S3 cu 2 antene pentru a vedea videoclipul live de acas\u0103 sau de la birou direct pe telefonul mobil de oriunde din lume. Ofer\u0103 monitorizare live cu supraveghere de detectare a mi\u0219c\u0103rii. Cu rota\u021bie \u0219i control de 360 de grade de pe&#8230;<\/p>\n","protected":false},"featured_media":16616,"comment_status":"open","ping_status":"closed","template":"","meta":[],"etheme_brands":[],"product_cat":[651,653],"product_tag":[],"class_list":{"0":"post-16514","1":"product","2":"type-product","3":"status-publish","4":"has-post-thumbnail","6":"product_cat-casa-si-gradina","7":"product_cat-smart-home","9":"first","10":"instock","11":"shipping-taxable","12":"purchasable","13":"product-type-simple"},"_links":{"self":[{"href":"https:\/\/energystudio-agency.ro\/demo15\/wp-json\/wp\/v2\/product\/16514","targetHints":{"allow":["GET"]}}],"collection":[{"href":"https:\/\/energystudio-agency.ro\/demo15\/wp-json\/wp\/v2\/product"}],"about":[{"href":"https:\/\/energystudio-agency.ro\/demo15\/wp-json\/wp\/v2\/types\/product"}],"replies":[{"embeddable":true,"href":"https:\/\/energystudio-agency.ro\/demo15\/wp-json\/wp\/v2\/comments?post=16514"}],"version-history":[{"count":1,"href":"https:\/\/energystudio-agency.ro\/demo15\/wp-json\/wp\/v2\/product\/16514\/revisions"}],"predecessor-version":[{"id":16621,"href":"https:\/\/energystudio-agency.ro\/demo15\/wp-json\/wp\/v2\/product\/16514\/revisions\/16621"}],"wp:featuredmedia":[{"embeddable":true,"href":"https:\/\/energystudio-agency.ro\/demo15\/wp-json\/wp\/v2\/media\/16616"}],"wp:attachment":[{"href":"https:\/\/energystudio-agency.ro\/demo15\/wp-json\/wp\/v2\/media?parent=16514"}],"wp:term":[{"taxonomy":"brand","embeddable":true,"href":"https:\/\/energystudio-agency.ro\/demo15\/wp-json\/wp\/v2\/etheme_brands?post=16514"},{"taxonomy":"product_cat","embeddable":true,"href":"https:\/\/energystudio-agency.ro\/demo15\/wp-json\/wp\/v2\/product_cat?post=16514"},{"taxonomy":"product_tag","embeddable":true,"href":"https:\/\/energystudio-agency.ro\/demo15\/wp-json\/wp\/v2\/product_tag?post=16514"}],"curies":[{"name":"wp","href":"https:\/\/api.w.org\/{rel}","templated":true}]}}