{"id":17440,"date":"2022-12-13T21:07:02","date_gmt":"2022-12-13T21:07:02","guid":{"rendered":"https:\/\/energystudio-agency.ro\/demo15\/?post_type=product&#038;p=17440"},"modified":"2022-12-13T21:14:01","modified_gmt":"2022-12-13T21:14:01","slug":"lampa-de-masa-decorativa-cu-led-rgb-si-telecomanda-crystal-touch-2","status":"publish","type":"product","link":"https:\/\/energystudio-agency.ro\/demo15\/shop\/casa-si-gradina\/iluminat\/interior\/lampa-de-masa-decorativa-cu-led-rgb-si-telecomanda-crystal-touch-2\/","title":{"rendered":"LAMPA DE MASA, DECORATIVA CU LED RGB SI TELECOMANDA &#8222;CRYSTAL&#8221; TOUCH"},"content":{"rendered":"<p style=\"font-weight: 400;\">Lampa de mas\u0103 nobil\u0103 \u0219i elegant\u0103 \u00een stil cristal poate aduce o atmosfer\u0103 diferit\u0103 casei tale<\/p>\n<p style=\"font-weight: 400;\">Aceast\u0103 Lamp\u0103 este potrivit\u0103 pentru baruri, restaurante, dormitoare, sufragerie, birouri, mese \u00een aer liber.<\/p>\n<p style=\"font-weight: 400;\">Cadou perfect pentru prieteni sau familie, pentru inaugurarea casei, ziua de na\u0219tere, etc.<\/p>\n<p style=\"font-weight: 400;\">\n<p style=\"font-weight: 400;\">Specifica\u021bii:<\/p>\n<p style=\"font-weight: 400;\">\n<p style=\"font-weight: 400;\">Greutate pachet: 450 g<\/p>\n<p style=\"font-weight: 400;\">Dimensiuni pachet: 15,7 x 14,4 x 25,9 cm<\/p>\n<p style=\"font-weight: 400;\">Culoare: alb<\/p>\n<p style=\"font-weight: 400;\">Sursa de alimentare: baterie re\u00eenc\u0103rcabil\u0103<\/p>\n<p style=\"font-weight: 400;\">Putere: 1W<\/p>\n<p style=\"font-weight: 400;\">Material caroserie: ABS<\/p>\n<p style=\"font-weight: 400;\">Control: atingere<\/p>\n<p style=\"font-weight: 400;\">Tensiune: 5V<\/p>\n<p style=\"font-weight: 400;\">Pachetul contine:<\/p>\n<p style=\"font-weight: 400;\">1 x lumin\u0103 LED<\/p>\n<p style=\"font-weight: 400;\">1 x cablu USB<\/p>\n","protected":false},"excerpt":{"rendered":"<p>Lampa de mas\u0103 nobil\u0103 \u0219i elegant\u0103 \u00een stil cristal poate aduce o atmosfer\u0103 diferit\u0103 casei tale Aceast\u0103 Lamp\u0103 este potrivit\u0103 pentru baruri, restaurante, dormitoare, sufragerie, birouri, mese \u00een aer liber. Cadou perfect pentru prieteni sau familie, pentru inaugurarea casei, ziua de na\u0219tere, etc. Specifica\u021bii: Greutate&#8230;<\/p>\n","protected":false},"featured_media":17545,"comment_status":"open","ping_status":"closed","template":"","meta":[],"etheme_brands":[],"product_cat":[670],"product_tag":[],"class_list":{"0":"post-17440","1":"product","2":"type-product","3":"status-publish","4":"has-post-thumbnail","6":"product_cat-interior","8":"first","9":"instock","10":"shipping-taxable","11":"purchasable","12":"product-type-simple"},"_links":{"self":[{"href":"https:\/\/energystudio-agency.ro\/demo15\/wp-json\/wp\/v2\/product\/17440","targetHints":{"allow":["GET"]}}],"collection":[{"href":"https:\/\/energystudio-agency.ro\/demo15\/wp-json\/wp\/v2\/product"}],"about":[{"href":"https:\/\/energystudio-agency.ro\/demo15\/wp-json\/wp\/v2\/types\/product"}],"replies":[{"embeddable":true,"href":"https:\/\/energystudio-agency.ro\/demo15\/wp-json\/wp\/v2\/comments?post=17440"}],"version-history":[{"count":1,"href":"https:\/\/energystudio-agency.ro\/demo15\/wp-json\/wp\/v2\/product\/17440\/revisions"}],"predecessor-version":[{"id":17550,"href":"https:\/\/energystudio-agency.ro\/demo15\/wp-json\/wp\/v2\/product\/17440\/revisions\/17550"}],"wp:featuredmedia":[{"embeddable":true,"href":"https:\/\/energystudio-agency.ro\/demo15\/wp-json\/wp\/v2\/media\/17545"}],"wp:attachment":[{"href":"https:\/\/energystudio-agency.ro\/demo15\/wp-json\/wp\/v2\/media?parent=17440"}],"wp:term":[{"taxonomy":"brand","embeddable":true,"href":"https:\/\/energystudio-agency.ro\/demo15\/wp-json\/wp\/v2\/etheme_brands?post=17440"},{"taxonomy":"product_cat","embeddable":true,"href":"https:\/\/energystudio-agency.ro\/demo15\/wp-json\/wp\/v2\/product_cat?post=17440"},{"taxonomy":"product_tag","embeddable":true,"href":"https:\/\/energystudio-agency.ro\/demo15\/wp-json\/wp\/v2\/product_tag?post=17440"}],"curies":[{"name":"wp","href":"https:\/\/api.w.org\/{rel}","templated":true}]}}