{"id":19747,"date":"2022-12-13T22:26:28","date_gmt":"2022-12-13T22:26:28","guid":{"rendered":"https:\/\/energystudio-agency.ro\/demo15\/?post_type=product&#038;p=19747"},"modified":"2022-12-13T23:11:03","modified_gmt":"2022-12-13T23:11:03","slug":"teoysal-rha-serum-30ml","status":"publish","type":"product","link":"https:\/\/energystudio-agency.ro\/demo15\/shop\/ingrijire-personala-cosmetice\/ingrijire-ten\/hidratare\/teoysal-rha-serum-30ml\/","title":{"rendered":"TEOYSAL RHA SERUM 30ml"},"content":{"rendered":"<p>Un ser avansat care a fost formulat cu aten\u021bie pentru a \u00eembun\u0103t\u0103\u021bi un ten deshidratat, tern sau \u00eemb\u0103tr\u00e2nit. Potrivit pentru toate tipurile de piele, amestecul de antioxidan\u021bi remarcabili \u0219i ingrediente anti-\u00eemb\u0103tr\u00e2nire ajut\u0103 la revitalizarea, hidratarea pielii \u0219i \u00eembun\u0103t\u0103\u021birea propriet\u0103\u021bilor pielii *. De la 14 zile, pielea este mai fin\u0103 \u0219i mai tonifiat\u0103, tenul t\u0103u este mai str\u0103lucitor \u0219i hidratarea ta este vizibil \u00eembun\u0103t\u0103\u021bit\u0103.<\/p>\n","protected":false},"excerpt":{"rendered":"<div class=\"product-description\">\n<p>Acest ser aclamat contine ce mai inalta concentratie a tehnologiei de hidratare unice si patentate Teoxane RHA\u00ae.Usor si confortabil Serul RHA\u00ae contine o combinatie exclusiva de ingrediente antioxidante si\u00a0anti-\u00eemb\u0103tr\u00e2nire pentru a transforma vizibil tenul dupa 14 zile.<\/p>\n<\/div>\n<p>&nbsp;<\/p>\n","protected":false},"featured_media":19779,"comment_status":"open","ping_status":"closed","template":"","meta":[],"etheme_brands":[],"product_cat":[746,739,747],"product_tag":[748,749,750,751,752],"class_list":{"0":"post-19747","1":"product","2":"type-product","3":"status-publish","4":"has-post-thumbnail","6":"product_cat-hidratare","7":"product_cat-ingrijire-ten","8":"product_cat-riduri","9":"product_tag-anti-imbatranire","10":"product_tag-fata","11":"product_tag-riduri","12":"product_tag-ser","13":"product_tag-ser-pentru-riduri","15":"first","16":"instock","17":"shipping-taxable","18":"purchasable","19":"product-type-simple"},"_links":{"self":[{"href":"https:\/\/energystudio-agency.ro\/demo15\/wp-json\/wp\/v2\/product\/19747","targetHints":{"allow":["GET"]}}],"collection":[{"href":"https:\/\/energystudio-agency.ro\/demo15\/wp-json\/wp\/v2\/product"}],"about":[{"href":"https:\/\/energystudio-agency.ro\/demo15\/wp-json\/wp\/v2\/types\/product"}],"replies":[{"embeddable":true,"href":"https:\/\/energystudio-agency.ro\/demo15\/wp-json\/wp\/v2\/comments?post=19747"}],"version-history":[{"count":1,"href":"https:\/\/energystudio-agency.ro\/demo15\/wp-json\/wp\/v2\/product\/19747\/revisions"}],"predecessor-version":[{"id":19780,"href":"https:\/\/energystudio-agency.ro\/demo15\/wp-json\/wp\/v2\/product\/19747\/revisions\/19780"}],"wp:featuredmedia":[{"embeddable":true,"href":"https:\/\/energystudio-agency.ro\/demo15\/wp-json\/wp\/v2\/media\/19779"}],"wp:attachment":[{"href":"https:\/\/energystudio-agency.ro\/demo15\/wp-json\/wp\/v2\/media?parent=19747"}],"wp:term":[{"taxonomy":"brand","embeddable":true,"href":"https:\/\/energystudio-agency.ro\/demo15\/wp-json\/wp\/v2\/etheme_brands?post=19747"},{"taxonomy":"product_cat","embeddable":true,"href":"https:\/\/energystudio-agency.ro\/demo15\/wp-json\/wp\/v2\/product_cat?post=19747"},{"taxonomy":"product_tag","embeddable":true,"href":"https:\/\/energystudio-agency.ro\/demo15\/wp-json\/wp\/v2\/product_tag?post=19747"}],"curies":[{"name":"wp","href":"https:\/\/api.w.org\/{rel}","templated":true}]}}