{"id":19749,"date":"2022-12-13T22:26:29","date_gmt":"2022-12-13T22:26:29","guid":{"rendered":"https:\/\/energystudio-agency.ro\/demo15\/?post_type=product&#038;p=19749"},"modified":"2022-12-13T23:11:01","modified_gmt":"2022-12-13T23:11:01","slug":"teoxane-teosyal-advanced-filler-pentru-ten-uscat-50-ml","status":"publish","type":"product","link":"https:\/\/energystudio-agency.ro\/demo15\/shop\/ingrijire-personala-cosmetice\/ingrijire-ten\/hidratare\/teoxane-teosyal-advanced-filler-pentru-ten-uscat-50-ml\/","title":{"rendered":"TEOXANE TEOSYAL ADVANCED FILLER PENTRU TEN USCAT 50 ml"},"content":{"rendered":"<p id=\"tw-target-text\" class=\"tw-data-text tw-text-large XcVN5d tw-ta\" dir=\"ltr\" data-placeholder=\"Translation\"><span lang=\"ro\">Combina\u021bia exclusiv\u0103 de RHA\u00ae \u0219i ingrediente cheie ajut\u0103 la p\u0103strarea \u0219i men\u021binerea<br \/>\nhidrat\u0103rii durabile pentru piele, pentru a reduce vizibil liniile fine \u0219i ridurile.<br \/>\nAceast\u0103 crem\u0103 este excelent\u0103 pentru cei care ar dori s\u0103 amelioreze semnele unui aspect<br \/>\ntern \u0219i \u00eemb\u0103tr\u00e2nit \u0219i s\u0103-\u0219i hr\u0103neasc\u0103 pielea uscat\u0103.<\/span><\/p>\n","protected":false},"excerpt":{"rendered":"<p>Crema hidratanta si de lifting creata special pentru tenul uscat. Avand o textura luxurianta, aceasta crema de zi esentiala ajutata la stimularea imediata a hidratarii pielii si la refacerea fermitatii pielii.<\/p>\n","protected":false},"featured_media":19783,"comment_status":"open","ping_status":"closed","template":"","meta":[],"etheme_brands":[],"product_cat":[746,739,747],"product_tag":[753,754,756,757,750,761],"class_list":{"0":"post-19749","1":"product","2":"type-product","3":"status-publish","4":"has-post-thumbnail","6":"product_cat-hidratare","7":"product_cat-ingrijire-ten","8":"product_cat-riduri","9":"product_tag-antiage","10":"product_tag-antirid","11":"product_tag-crema-de-riduri","12":"product_tag-hidratare","13":"product_tag-riduri","14":"product_tag-ten-uscat","16":"first","17":"instock","18":"shipping-taxable","19":"purchasable","20":"product-type-simple"},"_links":{"self":[{"href":"https:\/\/energystudio-agency.ro\/demo15\/wp-json\/wp\/v2\/product\/19749","targetHints":{"allow":["GET"]}}],"collection":[{"href":"https:\/\/energystudio-agency.ro\/demo15\/wp-json\/wp\/v2\/product"}],"about":[{"href":"https:\/\/energystudio-agency.ro\/demo15\/wp-json\/wp\/v2\/types\/product"}],"replies":[{"embeddable":true,"href":"https:\/\/energystudio-agency.ro\/demo15\/wp-json\/wp\/v2\/comments?post=19749"}],"version-history":[{"count":1,"href":"https:\/\/energystudio-agency.ro\/demo15\/wp-json\/wp\/v2\/product\/19749\/revisions"}],"predecessor-version":[{"id":19784,"href":"https:\/\/energystudio-agency.ro\/demo15\/wp-json\/wp\/v2\/product\/19749\/revisions\/19784"}],"wp:featuredmedia":[{"embeddable":true,"href":"https:\/\/energystudio-agency.ro\/demo15\/wp-json\/wp\/v2\/media\/19783"}],"wp:attachment":[{"href":"https:\/\/energystudio-agency.ro\/demo15\/wp-json\/wp\/v2\/media?parent=19749"}],"wp:term":[{"taxonomy":"brand","embeddable":true,"href":"https:\/\/energystudio-agency.ro\/demo15\/wp-json\/wp\/v2\/etheme_brands?post=19749"},{"taxonomy":"product_cat","embeddable":true,"href":"https:\/\/energystudio-agency.ro\/demo15\/wp-json\/wp\/v2\/product_cat?post=19749"},{"taxonomy":"product_tag","embeddable":true,"href":"https:\/\/energystudio-agency.ro\/demo15\/wp-json\/wp\/v2\/product_tag?post=19749"}],"curies":[{"name":"wp","href":"https:\/\/api.w.org\/{rel}","templated":true}]}}