{"id":19750,"date":"2022-12-13T22:26:29","date_gmt":"2022-12-13T22:26:29","guid":{"rendered":"https:\/\/energystudio-agency.ro\/demo15\/?post_type=product&#038;p=19750"},"modified":"2022-12-13T23:11:02","modified_gmt":"2022-12-13T23:11:02","slug":"teoxane-advanced-perfecting-shield-spf-30-50ml","status":"publish","type":"product","link":"https:\/\/energystudio-agency.ro\/demo15\/shop\/ingrijire-personala-cosmetice\/ingrijire-ten\/spf\/teoxane-advanced-perfecting-shield-spf-30-50ml\/","title":{"rendered":"TEOXANE ADVANCED PERFECTING SHIELD SPF 30  50ml"},"content":{"rendered":"<p>Advanced Perfecting Shield a fost formulat cu aten\u021bie pentru a preveni \u0219i corecta aspectul obosit, tenul mat sau \u00eemb\u0103tr\u00e2nit. Conceput special pentru a \u00eembun\u0103t\u0103\u021bi protec\u021bia \u00eempotriva factorilor de mediu (UV + poluare), utilizarea acestuia ofer\u0103 o protec\u021bie consolidat\u0103 \u00eempotriva radicalilor liberi. Formula sa nuan\u021bat\u0103 \u0219i textura de a doua piele sporesc str\u0103lucirea \u00een toate tonurile pielii pentru un ten perfect.<\/p>\n","protected":false},"excerpt":{"rendered":"<p>Advanced Perfecting Shield este un scut urban antioxidant pentru perfectionare a aspectului tenului. Este ideal pentru a proteja, uniformiza si hidrata pielea intr-un singur pas. Combinatia de RHA\u00ae, ingrediente active\u00a0 anti-imbatranire si un cocktail de antioxidanti puternici previne si corecteaza semnele vizbile de imbatranire, pierderea stralucirii si aspectul obosit sporind in acelasi timp bariera naturala de protectie a pielii.<\/p>\n","protected":false},"featured_media":19785,"comment_status":"open","ping_status":"closed","template":"","meta":[],"etheme_brands":[],"product_cat":[762],"product_tag":[763,764,765],"class_list":{"0":"post-19750","1":"product","2":"type-product","3":"status-publish","4":"has-post-thumbnail","6":"product_cat-spf","7":"product_tag-protectie-solara","8":"product_tag-raze-uv","9":"product_tag-spf","11":"first","12":"instock","13":"shipping-taxable","14":"purchasable","15":"product-type-simple"},"_links":{"self":[{"href":"https:\/\/energystudio-agency.ro\/demo15\/wp-json\/wp\/v2\/product\/19750","targetHints":{"allow":["GET"]}}],"collection":[{"href":"https:\/\/energystudio-agency.ro\/demo15\/wp-json\/wp\/v2\/product"}],"about":[{"href":"https:\/\/energystudio-agency.ro\/demo15\/wp-json\/wp\/v2\/types\/product"}],"replies":[{"embeddable":true,"href":"https:\/\/energystudio-agency.ro\/demo15\/wp-json\/wp\/v2\/comments?post=19750"}],"version-history":[{"count":1,"href":"https:\/\/energystudio-agency.ro\/demo15\/wp-json\/wp\/v2\/product\/19750\/revisions"}],"predecessor-version":[{"id":19786,"href":"https:\/\/energystudio-agency.ro\/demo15\/wp-json\/wp\/v2\/product\/19750\/revisions\/19786"}],"wp:featuredmedia":[{"embeddable":true,"href":"https:\/\/energystudio-agency.ro\/demo15\/wp-json\/wp\/v2\/media\/19785"}],"wp:attachment":[{"href":"https:\/\/energystudio-agency.ro\/demo15\/wp-json\/wp\/v2\/media?parent=19750"}],"wp:term":[{"taxonomy":"brand","embeddable":true,"href":"https:\/\/energystudio-agency.ro\/demo15\/wp-json\/wp\/v2\/etheme_brands?post=19750"},{"taxonomy":"product_cat","embeddable":true,"href":"https:\/\/energystudio-agency.ro\/demo15\/wp-json\/wp\/v2\/product_cat?post=19750"},{"taxonomy":"product_tag","embeddable":true,"href":"https:\/\/energystudio-agency.ro\/demo15\/wp-json\/wp\/v2\/product_tag?post=19750"}],"curies":[{"name":"wp","href":"https:\/\/api.w.org\/{rel}","templated":true}]}}