{"id":19754,"date":"2022-12-13T22:26:30","date_gmt":"2022-12-13T22:26:30","guid":{"rendered":"https:\/\/energystudio-agency.ro\/demo15\/?post_type=product&#038;p=19754"},"modified":"2022-12-13T23:10:59","modified_gmt":"2022-12-13T23:10:59","slug":"teosyal-perfect-skin-refiner-50ml","status":"publish","type":"product","link":"https:\/\/energystudio-agency.ro\/demo15\/shop\/ingrijire-personala-cosmetice\/ingrijire-ten\/hidratare\/teosyal-perfect-skin-refiner-50ml\/","title":{"rendered":"TEOSYAL PERFECT SKIN REFINER 50ml"},"content":{"rendered":"<p>Ideal\u0103 pentru pielea predispus\u0103 la pete, aceast\u0103 crem\u0103 u\u0219oar\u0103 va umple u\u0219or pielea peste noapte. Foarte recomandat de profesioni\u0219tii din domeniul s\u0103n\u0103t\u0103\u021bii, acest amestec optim de acid glicolic (10%) \u0219i ingrediente calmante vor exfolia u\u0219or pielea f\u0103r\u0103 iritare, continu\u00e2nd \u00een acela\u0219i timp s\u0103 se hidrateze cu Acidul Hialuronic Resilient\u00ae al TEOXANE.<\/p>\n","protected":false},"excerpt":{"rendered":"<p>Crema de noapte de re\u00eennoire a pielii ofer\u0103 un echilibru unic intre Acid Glicolic si tehnologia de hidratare TEOXANE RHA\u00ae. Blanda si eficace, acest tratament de exfoliere va regenera celulele pielii in timpul somnului, pentru o piele mai sanatoasa, hidratata si uniforma.<\/p>\n","protected":false},"featured_media":19793,"comment_status":"open","ping_status":"closed","template":"","meta":[],"etheme_brands":[],"product_cat":[778,746,739,779,747],"product_tag":[754,755,780,757,781,782],"class_list":{"0":"post-19754","1":"product","2":"type-product","3":"status-publish","4":"has-post-thumbnail","6":"product_cat-diminuarea-porilor","7":"product_cat-hidratare","8":"product_cat-ingrijire-ten","9":"product_cat-pete-pigmentare","10":"product_cat-riduri","11":"product_tag-antirid","12":"product_tag-crema-de-fata","13":"product_tag-crema-de-noapte","14":"product_tag-hidratare","15":"product_tag-hiperpigmentare","16":"product_tag-pete-pigmentare","18":"first","19":"instock","20":"shipping-taxable","21":"purchasable","22":"product-type-simple"},"_links":{"self":[{"href":"https:\/\/energystudio-agency.ro\/demo15\/wp-json\/wp\/v2\/product\/19754","targetHints":{"allow":["GET"]}}],"collection":[{"href":"https:\/\/energystudio-agency.ro\/demo15\/wp-json\/wp\/v2\/product"}],"about":[{"href":"https:\/\/energystudio-agency.ro\/demo15\/wp-json\/wp\/v2\/types\/product"}],"replies":[{"embeddable":true,"href":"https:\/\/energystudio-agency.ro\/demo15\/wp-json\/wp\/v2\/comments?post=19754"}],"version-history":[{"count":1,"href":"https:\/\/energystudio-agency.ro\/demo15\/wp-json\/wp\/v2\/product\/19754\/revisions"}],"predecessor-version":[{"id":19794,"href":"https:\/\/energystudio-agency.ro\/demo15\/wp-json\/wp\/v2\/product\/19754\/revisions\/19794"}],"wp:featuredmedia":[{"embeddable":true,"href":"https:\/\/energystudio-agency.ro\/demo15\/wp-json\/wp\/v2\/media\/19793"}],"wp:attachment":[{"href":"https:\/\/energystudio-agency.ro\/demo15\/wp-json\/wp\/v2\/media?parent=19754"}],"wp:term":[{"taxonomy":"brand","embeddable":true,"href":"https:\/\/energystudio-agency.ro\/demo15\/wp-json\/wp\/v2\/etheme_brands?post=19754"},{"taxonomy":"product_cat","embeddable":true,"href":"https:\/\/energystudio-agency.ro\/demo15\/wp-json\/wp\/v2\/product_cat?post=19754"},{"taxonomy":"product_tag","embeddable":true,"href":"https:\/\/energystudio-agency.ro\/demo15\/wp-json\/wp\/v2\/product_tag?post=19754"}],"curies":[{"name":"wp","href":"https:\/\/api.w.org\/{rel}","templated":true}]}}