{"id":19763,"date":"2022-12-13T22:26:31","date_gmt":"2022-12-13T22:26:31","guid":{"rendered":"https:\/\/energystudio-agency.ro\/demo15\/?post_type=product&#038;p=19763"},"modified":"2022-12-13T23:10:58","modified_gmt":"2022-12-13T23:10:58","slug":"dermapen-cocktail-brite-lite-30ml","status":"publish","type":"product","link":"https:\/\/energystudio-agency.ro\/demo15\/shop\/ingrijire-personala-cosmetice\/ingrijire-ten\/pete-pigmentare\/dermapen-cocktail-brite-lite-30ml\/","title":{"rendered":"DERMAPEN COCKTAIL BRITE LITE 30ml"},"content":{"rendered":"<p>BRITE LITE este un ser de miracol cu \u200b\u200bdubl\u0103 ac\u021biune pentru probleme hiperpigmentate, inclusiv pete de v\u00e2rst\u0103, melasm\u0103, acnee \u0219i tonuri de piele inegale. Ingredientele sale cheie \u00eempiedic\u0103 formarea excesului de pigment \u00een timp ce se estompeaz\u0103 petele \u0219i decolor\u0103rile existente pentru un ton mai uniform \u0219i impecabil al pielii.<\/p>\n<p>Solu\u021bia de hidratare con\u021bine, de asemenea, tehnologia HylaFuse &#x2122; pentru a livra ingrediente active \u00een cele mai profunde straturi ale pielii.<\/p>\n<p>Recomand\u0103m Dp Dermaceuticals BRITE LITE pentru utilizare cu proceduri Dermapen microneedling deoarece blocheaz\u0103 formarea pigmentului ca reac\u021bie la inflama\u021bie. Acesta lumineaz\u0103 vizibil \u0219i clarific\u0103 tonul inegal al pielii, pentru o piele incredibil de neted\u0103, echilibrat\u0103 (sau chiar tonifiat\u0103).<\/p>\n<p>Utiliza\u021bi serul nostru standard de str\u0103lucire sub form\u0103 de Meso-Glide &#x2122; \u00een timpul procedurilor de microneedling \u0219i ca parte a rutinei zilnice pentru a estompa petele \u0219i decolor\u0103rile pielii.<\/p>\n<div class=\"item\">\n<ul>\n<li>CON\u021aINE HYLAFUSE&#x2122;<\/li>\n<\/ul>\n<\/div>\n<div class=\"item\">\n<ul>\n<li>INHIB\u00c3 FORMAREA PIGMENTULUI<\/li>\n<\/ul>\n<\/div>\n<div class=\"item\">\n<ul>\n<li>NETEZE\u0218TE \u0218I ILUMINEAZ\u00c3<\/li>\n<\/ul>\n<\/div>\n","protected":false},"excerpt":{"rendered":"<p>Opri\u021bi pigmentarea din timp. Dup\u0103 cum sugereaz\u0103 \u0219i numele, BRITE LITE &#x2122; deschide \u0219i lumineaz\u0103 aspectul tonului inegal al pielii. Acest ser de iluminare versatil este potrivit pentru utilizare pe melasma, pete solare sau de v\u00e2rst\u0103 \u0219i hiperpigmentare postinflamatorie<\/p>\n","protected":false},"featured_media":19828,"comment_status":"open","ping_status":"closed","template":"","meta":[],"etheme_brands":[],"product_cat":[739,779,790,798],"product_tag":[781,799,782,800,801,751,795],"class_list":{"0":"post-19763","1":"product","2":"type-product","3":"status-publish","4":"has-post-thumbnail","6":"product_cat-ingrijire-ten","7":"product_cat-pete-pigmentare","8":"product_cat-rozacee","9":"product_cat-seruri","10":"product_tag-hiperpigmentare","11":"product_tag-melasma","12":"product_tag-pete-pigmentare","13":"product_tag-roseata","14":"product_tag-rozacee","15":"product_tag-ser","16":"product_tag-ser-de-fata","18":"first","19":"instock","20":"sale","21":"shipping-taxable","22":"purchasable","23":"product-type-simple"},"_links":{"self":[{"href":"https:\/\/energystudio-agency.ro\/demo15\/wp-json\/wp\/v2\/product\/19763","targetHints":{"allow":["GET"]}}],"collection":[{"href":"https:\/\/energystudio-agency.ro\/demo15\/wp-json\/wp\/v2\/product"}],"about":[{"href":"https:\/\/energystudio-agency.ro\/demo15\/wp-json\/wp\/v2\/types\/product"}],"replies":[{"embeddable":true,"href":"https:\/\/energystudio-agency.ro\/demo15\/wp-json\/wp\/v2\/comments?post=19763"}],"version-history":[{"count":1,"href":"https:\/\/energystudio-agency.ro\/demo15\/wp-json\/wp\/v2\/product\/19763\/revisions"}],"predecessor-version":[{"id":19833,"href":"https:\/\/energystudio-agency.ro\/demo15\/wp-json\/wp\/v2\/product\/19763\/revisions\/19833"}],"wp:featuredmedia":[{"embeddable":true,"href":"https:\/\/energystudio-agency.ro\/demo15\/wp-json\/wp\/v2\/media\/19828"}],"wp:attachment":[{"href":"https:\/\/energystudio-agency.ro\/demo15\/wp-json\/wp\/v2\/media?parent=19763"}],"wp:term":[{"taxonomy":"brand","embeddable":true,"href":"https:\/\/energystudio-agency.ro\/demo15\/wp-json\/wp\/v2\/etheme_brands?post=19763"},{"taxonomy":"product_cat","embeddable":true,"href":"https:\/\/energystudio-agency.ro\/demo15\/wp-json\/wp\/v2\/product_cat?post=19763"},{"taxonomy":"product_tag","embeddable":true,"href":"https:\/\/energystudio-agency.ro\/demo15\/wp-json\/wp\/v2\/product_tag?post=19763"}],"curies":[{"name":"wp","href":"https:\/\/api.w.org\/{rel}","templated":true}]}}