{"id":19770,"date":"2022-12-13T22:26:32","date_gmt":"2022-12-13T22:26:32","guid":{"rendered":"https:\/\/energystudio-agency.ro\/demo15\/?post_type=product&#038;p=19770"},"modified":"2022-12-13T23:10:56","modified_gmt":"2022-12-13T23:10:56","slug":"dp-dermaceuticals-clr-lotion-50ml","status":"publish","type":"product","link":"https:\/\/energystudio-agency.ro\/demo15\/shop\/ingrijire-personala-cosmetice\/ingrijire-ten\/acnee\/dp-dermaceuticals-clr-lotion-50ml\/","title":{"rendered":"DP DERMACEUTICALS CLR LOTION 50ml"},"content":{"rendered":"<p>O lo\u021biune corectiv\u0103 specializat\u0103 pentru tenul gras, cu probleme. Hidrateaz\u0103 \u00een profunzime, echilibr\u00e2nd simultan produc\u021bia de sebum \u0219i reduc\u00e2nd poten\u021bialul de viitoare erup\u021bii. \u00cempreun\u0103 cu CLR FOAM CLEANSER &#x2122;, face parte dintr-un duo puternic anti-acnee. CLR LOTION ajut\u0103, de asemenea, la exfolierea stratului superior de celule moarte ale pielii \u0219i previne acumularea acestora \u00een continuare, l\u0103s\u00e2nd pielea s\u0103 se simt\u0103 pur\u0103, r\u0103corit\u0103 \u0219i curat\u0103.<\/p>\n<p>Con\u021bine o combina\u021bie de ingrediente care demonstreaz\u0103 c\u0103 reduc excesul de uleiuri ce \u00eenfund\u0103 porii, inclusiv acidul salicilic \u0219i niacinamida. S-a dovedit clinic c\u0103 niacinamida reduce apari\u021bia acneei, m\u0103re\u0219te hidratarea pielii \u0219i \u00eembun\u0103t\u0103\u021be\u0219te aspectul \u00eemb\u0103tr\u00e2nirii pielii \u0219i tonusul neuniform.<\/p>\n<p>CLR LOTION este un protocol recomandat pentru tratamentele Dermapen &#x2122; pentru acnee \u0219i pentru \u00eengrijirea personal\u0103 continu\u0103 a pielii, pentru a maximiza \u0219i men\u021bine rezultatele pentru tipurile de piele predispuse la acnee<\/p>\n","protected":false},"excerpt":{"rendered":"<p>O crem\u0103 hidratant\u0103 care exfoliaz\u0103 \u00een acela\u0219i timp, CLR LOTION&#x2122; elimin\u0103 impurit\u0103\u021bile care provoac\u0103 acnee \u0219i reduce excesul de sebum. Ingredientul cheie, niacinamida, a fost dovedit clinic c\u0103 reduce apari\u021bia acneei. Lo\u021biune hidratant\u0103 recomandat\u0103 pentru pielea gras\u0103, pigmentat\u0103, mixt\u0103 sau cu tendin\u021be acneice.<\/p>\n","protected":false},"featured_media":19879,"comment_status":"open","ping_status":"closed","template":"","meta":[],"etheme_brands":[],"product_cat":[812,813,739],"product_tag":[814,755,815,757,816,817],"class_list":{"0":"post-19770","1":"product","2":"type-product","3":"status-publish","4":"has-post-thumbnail","6":"product_cat-acnee","7":"product_cat-exfoliant","8":"product_cat-ingrijire-ten","9":"product_tag-acnee","10":"product_tag-crema-de-fata","11":"product_tag-exfoliant","12":"product_tag-hidratare","13":"product_tag-niacinamide","14":"product_tag-ten-gras","16":"first","17":"instock","18":"sale","19":"shipping-taxable","20":"purchasable","21":"product-type-simple"},"_links":{"self":[{"href":"https:\/\/energystudio-agency.ro\/demo15\/wp-json\/wp\/v2\/product\/19770","targetHints":{"allow":["GET"]}}],"collection":[{"href":"https:\/\/energystudio-agency.ro\/demo15\/wp-json\/wp\/v2\/product"}],"about":[{"href":"https:\/\/energystudio-agency.ro\/demo15\/wp-json\/wp\/v2\/types\/product"}],"replies":[{"embeddable":true,"href":"https:\/\/energystudio-agency.ro\/demo15\/wp-json\/wp\/v2\/comments?post=19770"}],"version-history":[{"count":1,"href":"https:\/\/energystudio-agency.ro\/demo15\/wp-json\/wp\/v2\/product\/19770\/revisions"}],"predecessor-version":[{"id":19883,"href":"https:\/\/energystudio-agency.ro\/demo15\/wp-json\/wp\/v2\/product\/19770\/revisions\/19883"}],"wp:featuredmedia":[{"embeddable":true,"href":"https:\/\/energystudio-agency.ro\/demo15\/wp-json\/wp\/v2\/media\/19879"}],"wp:attachment":[{"href":"https:\/\/energystudio-agency.ro\/demo15\/wp-json\/wp\/v2\/media?parent=19770"}],"wp:term":[{"taxonomy":"brand","embeddable":true,"href":"https:\/\/energystudio-agency.ro\/demo15\/wp-json\/wp\/v2\/etheme_brands?post=19770"},{"taxonomy":"product_cat","embeddable":true,"href":"https:\/\/energystudio-agency.ro\/demo15\/wp-json\/wp\/v2\/product_cat?post=19770"},{"taxonomy":"product_tag","embeddable":true,"href":"https:\/\/energystudio-agency.ro\/demo15\/wp-json\/wp\/v2\/product_tag?post=19770"}],"curies":[{"name":"wp","href":"https:\/\/api.w.org\/{rel}","templated":true}]}}