{"id":19917,"date":"2022-12-13T22:27:18","date_gmt":"2022-12-13T22:27:18","guid":{"rendered":"https:\/\/energystudio-agency.ro\/demo15\/?post_type=product&#038;p=19917"},"modified":"2022-12-13T23:10:51","modified_gmt":"2022-12-13T23:10:51","slug":"anti-age-body-cream-emulsie-imbatranire-pentru-corp-200-ml","status":"publish","type":"product","link":"https:\/\/energystudio-agency.ro\/demo15\/shop\/ingrijire-personala-cosmetice\/ingrijire-corp\/hidratare-corp\/anti-age-body-cream-emulsie-imbatranire-pentru-corp-200-ml\/","title":{"rendered":"ANTI-AGE BODY CREAM -emulsie \u00eemb\u0103tr\u00e2nire pentru corp 200 ml"},"content":{"rendered":"<p><strong>O emulsie de corp cu efect de regenerare, hidratare \u0219i fermitate.<\/strong><\/p>\n<p>Combate usc\u0103ciunea \u0219i deshidratarea, ajut\u00e2nd, la utilizarea regulat\u0103 s\u0103 hr\u0103neasc\u0103 pielea, s\u0103 restabileasc\u0103 elasticitatea \u0219i tonusul, f\u0103c\u00e2nd-o s\u0103 arate mai t\u00e2n\u0103r\u0103.<\/p>\n<p>Formula se bazeaz\u0103 pe unt de shea, migdale dulci \u0219i ulei de jojoba pentru un efect protector, revitalizant \u0219i incredibil de catifelat.<\/p>\n<p>Lipidele, combinate cu eficacitatea antioxidant\u0103 a acidului alfa-lipoic, vitaminele C \u0219i E, \u0219i\u00a0Extract Malus Domestica,\u00a0Buddleja Davidii Meristem fac ca aceast\u0103 formula s\u0103 fie optim\u0103 pentru tratamentul usc\u0103ciunii \u0219i relax\u0103rii \u021besuturilor epidermice.<\/p>\n<p>Ac\u021biunea tonifiant\u0103 \u0219i de fermitate este asigurat\u0103 \u0219i de prezen\u021ba extractului de Kigelia Africana<\/p>\n<p><strong>Recomandat: pentru toate tipurile de ten, in special pentru tenul deshidratat si pubescent.<\/strong><\/p>\n<p>&nbsp;<\/p>\n","protected":false},"excerpt":{"rendered":"<p>O emulsie de corp cu efect de regenerare, hidratare \u0219i fermitate. Combate usc\u0103ciunea \u0219i deshidratarea, ajut\u00e2nd, la utilizarea regulat\u0103 s\u0103 hr\u0103neasc\u0103 pielea, s\u0103 restabileasc\u0103 elasticitatea \u0219i tonusul, f\u0103c\u00e2nd-o s\u0103 arate mai t\u00e2n\u0103r\u0103. Formula se bazeaz\u0103 pe unt de shea, migdale dulci \u0219i ulei de jojoba&#8230;<\/p>\n","protected":false},"featured_media":19973,"comment_status":"open","ping_status":"closed","template":"","meta":[],"etheme_brands":[],"product_cat":[863,820],"product_tag":[850,864,786,806],"class_list":{"0":"post-19917","1":"product","2":"type-product","3":"status-publish","4":"has-post-thumbnail","6":"product_cat-hidratare-corp","7":"product_cat-ingrijire-corp","8":"product_tag-crema-de-corp","9":"product_tag-hidratare-corp","10":"product_tag-vitamina-c","11":"product_tag-vitamina-e","13":"first","14":"instock","15":"shipping-taxable","16":"purchasable","17":"product-type-simple"},"_links":{"self":[{"href":"https:\/\/energystudio-agency.ro\/demo15\/wp-json\/wp\/v2\/product\/19917","targetHints":{"allow":["GET"]}}],"collection":[{"href":"https:\/\/energystudio-agency.ro\/demo15\/wp-json\/wp\/v2\/product"}],"about":[{"href":"https:\/\/energystudio-agency.ro\/demo15\/wp-json\/wp\/v2\/types\/product"}],"replies":[{"embeddable":true,"href":"https:\/\/energystudio-agency.ro\/demo15\/wp-json\/wp\/v2\/comments?post=19917"}],"version-history":[{"count":1,"href":"https:\/\/energystudio-agency.ro\/demo15\/wp-json\/wp\/v2\/product\/19917\/revisions"}],"predecessor-version":[{"id":19974,"href":"https:\/\/energystudio-agency.ro\/demo15\/wp-json\/wp\/v2\/product\/19917\/revisions\/19974"}],"wp:featuredmedia":[{"embeddable":true,"href":"https:\/\/energystudio-agency.ro\/demo15\/wp-json\/wp\/v2\/media\/19973"}],"wp:attachment":[{"href":"https:\/\/energystudio-agency.ro\/demo15\/wp-json\/wp\/v2\/media?parent=19917"}],"wp:term":[{"taxonomy":"brand","embeddable":true,"href":"https:\/\/energystudio-agency.ro\/demo15\/wp-json\/wp\/v2\/etheme_brands?post=19917"},{"taxonomy":"product_cat","embeddable":true,"href":"https:\/\/energystudio-agency.ro\/demo15\/wp-json\/wp\/v2\/product_cat?post=19917"},{"taxonomy":"product_tag","embeddable":true,"href":"https:\/\/energystudio-agency.ro\/demo15\/wp-json\/wp\/v2\/product_tag?post=19917"}],"curies":[{"name":"wp","href":"https:\/\/api.w.org\/{rel}","templated":true}]}}