{"id":20014,"date":"2022-12-13T22:27:43","date_gmt":"2022-12-13T22:27:43","guid":{"rendered":"https:\/\/energystudio-agency.ro\/demo15\/?post_type=product&#038;p=20014"},"modified":"2022-12-13T23:10:19","modified_gmt":"2022-12-13T23:10:19","slug":"ulei-de-avocado-bio-revox-30-ml","status":"publish","type":"product","link":"https:\/\/energystudio-agency.ro\/demo15\/shop\/ingrijire-personala-cosmetice\/ingrijire-par\/ulei\/ulei-de-avocado-bio-revox-30-ml\/","title":{"rendered":"Ulei de avocado Bio Revox 30 ml"},"content":{"rendered":"<p>Arborele de Avocado (Persea Americana) este un membru al familiei Lauraceae \u015fi este originar din Mexic \u015fi America Central\u0103. Uleiul de avocado este bogat \u00een nutrien\u021bi precum amino acizi \u0219i vitaminele C, D, E \u0219i A, esen\u021biale pentru o piele \u0219i un p\u0103r cu aspect s\u0103n\u0103tos. Fiind unul dintre cele mai bogate uleiuri, uleiul de avocado ajut\u0103 la reducerea aspectului de piele uscat\u0103, liniilor fine \u0219i ridurilor, eviden\u0163iind str\u0103lucirea natural\u0103. REVOX B77 BIO Ulei de Avocado 100% se poate aplica direct pe piele, corp sau p\u0103r.<\/p>\n","protected":false},"excerpt":{"rendered":"<p>Arborele de Avocado (Persea Americana) este un membru al familiei Lauraceae \u015fi este originar din Mexic \u015fi America Central\u0103. Uleiul de avocado este bogat \u00een nutrien\u021bi precum amino acizi \u0219i vitaminele C, D, E \u0219i A, esen\u021biale pentru o piele \u0219i un p\u0103r cu aspect&#8230;<\/p>\n","protected":false},"featured_media":20082,"comment_status":"open","ping_status":"closed","template":"","meta":[],"etheme_brands":[],"product_cat":[863,820,947,739,948,798,949],"product_tag":[968,961,962,954,957,969,960,883,805,786,970],"class_list":{"0":"post-20014","1":"product","2":"type-product","3":"status-publish","4":"has-post-thumbnail","6":"product_cat-hidratare-corp","7":"product_cat-ingrijire-corp","8":"product_cat-ingrijire-par","9":"product_cat-ingrijire-ten","10":"product_cat-produse-bio","11":"product_cat-seruri","12":"product_cat-ulei","13":"product_tag-avocado-oil-persea-gratissima-avocado-oil","14":"product_tag-pentru-corp","15":"product_tag-pentru-gat","16":"product_tag-pentru-par","17":"product_tag-produs-vegan","18":"product_tag-ulei-de-avocado","19":"product_tag-vegan","20":"product_tag-vitamin-e-acetate-tocopheryl-acetate","21":"product_tag-vitamina-a","22":"product_tag-vitamina-c","23":"product_tag-vitamina-d","25":"first","26":"instock","27":"sale","28":"purchasable","29":"product-type-simple"},"_links":{"self":[{"href":"https:\/\/energystudio-agency.ro\/demo15\/wp-json\/wp\/v2\/product\/20014","targetHints":{"allow":["GET"]}}],"collection":[{"href":"https:\/\/energystudio-agency.ro\/demo15\/wp-json\/wp\/v2\/product"}],"about":[{"href":"https:\/\/energystudio-agency.ro\/demo15\/wp-json\/wp\/v2\/types\/product"}],"replies":[{"embeddable":true,"href":"https:\/\/energystudio-agency.ro\/demo15\/wp-json\/wp\/v2\/comments?post=20014"}],"version-history":[{"count":1,"href":"https:\/\/energystudio-agency.ro\/demo15\/wp-json\/wp\/v2\/product\/20014\/revisions"}],"predecessor-version":[{"id":20083,"href":"https:\/\/energystudio-agency.ro\/demo15\/wp-json\/wp\/v2\/product\/20014\/revisions\/20083"}],"wp:featuredmedia":[{"embeddable":true,"href":"https:\/\/energystudio-agency.ro\/demo15\/wp-json\/wp\/v2\/media\/20082"}],"wp:attachment":[{"href":"https:\/\/energystudio-agency.ro\/demo15\/wp-json\/wp\/v2\/media?parent=20014"}],"wp:term":[{"taxonomy":"brand","embeddable":true,"href":"https:\/\/energystudio-agency.ro\/demo15\/wp-json\/wp\/v2\/etheme_brands?post=20014"},{"taxonomy":"product_cat","embeddable":true,"href":"https:\/\/energystudio-agency.ro\/demo15\/wp-json\/wp\/v2\/product_cat?post=20014"},{"taxonomy":"product_tag","embeddable":true,"href":"https:\/\/energystudio-agency.ro\/demo15\/wp-json\/wp\/v2\/product_tag?post=20014"}],"curies":[{"name":"wp","href":"https:\/\/api.w.org\/{rel}","templated":true}]}}