{"id":20267,"date":"2022-12-13T22:29:44","date_gmt":"2022-12-13T22:29:44","guid":{"rendered":"https:\/\/energystudio-agency.ro\/demo15\/?post_type=product&#038;p=20267"},"modified":"2022-12-13T23:09:54","modified_gmt":"2022-12-13T23:09:54","slug":"hydroglow-cell-ampoule-200ml","status":"publish","type":"product","link":"https:\/\/energystudio-agency.ro\/demo15\/shop\/ingrijire-personala-cosmetice\/ingrijire-ten\/riduri\/hydroglow-cell-ampoule-200ml\/","title":{"rendered":"HYDROGLOW CELL AMPOULE 200ml"},"content":{"rendered":"<p style=\"background: white;margin: 0cm 0cm 7.5pt 0cm\"><span lang=\"EN-US\" style=\"font-size: 10.5pt;font-family: 'AmikoRegular',serif;color: black;background: white\">Fiola conceputa ca un spray, cu o concentra\u021bie mare cu salinitate esen\u021bial\u0103 care se absoarbe \u00een piele \u0219i men\u021bine pielea hidratat\u0103. Poate fi folosita ca si mist.<\/span><\/p>\n<p style=\"margin: 0cm\"><b><span lang=\"EN-US\">Propriet\u0103\u021bi:<\/span><\/b><\/p>\n<p style=\"margin: 0cm\"><span lang=\"EN-US\">\u00a0<\/span><\/p>\n<p style=\"margin: 0cm\"><span lang=\"EN-US\">&#8211; Hidrateaza si lasa pielea neteda si stralucitoare;<\/span><\/p>\n<p style=\"margin: 0cm\"><span lang=\"EN-US\">\u00a0<\/span><\/p>\n<p style=\"margin: 0cm\"><span lang=\"EN-US\">&#8211; Ajuta la diminuarea ridurilor fine;<\/span><\/p>\n<p style=\"margin: 0cm\"><span lang=\"EN-US\">\u00a0<\/span><\/p>\n<p style=\"margin: 0cm\"><span lang=\"EN-US\">&#8211; Repara bariera de protectie a pielii;<\/span><\/p>\n<p style=\"margin: 0cm\"><span lang=\"EN-US\">\u00a0<\/span><\/p>\n<p style=\"margin: 0cm\"><span lang=\"EN-US\">&#8211; Reface umiditatea \u0219i energia pielii \u0219i, \u00een acela\u0219i timp, \u00eembun\u0103t\u0103teste re\u021binerea umidit\u0103\u021bii pielii.<\/span><\/p>\n<p style=\"margin: 0cm\"><span lang=\"EN-US\">\u00a0<\/span><\/p>\n","protected":false},"excerpt":{"rendered":"<p>Fiola conceputa ca un spray, cu o concentra\u021bie mare cu salinitate esen\u021bial\u0103 care se absoarbe \u00een piele \u0219i men\u021bine pielea hidratat\u0103. Poate fi folosita ca si mist. Propriet\u0103\u021bi: \u00a0 &#8211; Hidrateaza si lasa pielea neteda si stralucitoare; \u00a0 &#8211; Ajuta la diminuarea ridurilor fine; \u00a0&#8230;<\/p>\n","protected":false},"featured_media":20338,"comment_status":"open","ping_status":"closed","template":"","meta":[],"etheme_brands":[],"product_cat":[874,739,747],"product_tag":[791,753,1106,875,750],"class_list":{"0":"post-20267","1":"product","2":"type-product","3":"status-publish","4":"has-post-thumbnail","6":"product_cat-fiole","7":"product_cat-ingrijire-ten","8":"product_cat-riduri","9":"product_tag-acid-hialuronic","10":"product_tag-antiage","11":"product_tag-ceramide","12":"product_tag-fiola","13":"product_tag-riduri","15":"first","16":"instock","17":"shipping-taxable","18":"purchasable","19":"product-type-simple"},"_links":{"self":[{"href":"https:\/\/energystudio-agency.ro\/demo15\/wp-json\/wp\/v2\/product\/20267","targetHints":{"allow":["GET"]}}],"collection":[{"href":"https:\/\/energystudio-agency.ro\/demo15\/wp-json\/wp\/v2\/product"}],"about":[{"href":"https:\/\/energystudio-agency.ro\/demo15\/wp-json\/wp\/v2\/types\/product"}],"replies":[{"embeddable":true,"href":"https:\/\/energystudio-agency.ro\/demo15\/wp-json\/wp\/v2\/comments?post=20267"}],"version-history":[{"count":1,"href":"https:\/\/energystudio-agency.ro\/demo15\/wp-json\/wp\/v2\/product\/20267\/revisions"}],"predecessor-version":[{"id":20339,"href":"https:\/\/energystudio-agency.ro\/demo15\/wp-json\/wp\/v2\/product\/20267\/revisions\/20339"}],"wp:featuredmedia":[{"embeddable":true,"href":"https:\/\/energystudio-agency.ro\/demo15\/wp-json\/wp\/v2\/media\/20338"}],"wp:attachment":[{"href":"https:\/\/energystudio-agency.ro\/demo15\/wp-json\/wp\/v2\/media?parent=20267"}],"wp:term":[{"taxonomy":"brand","embeddable":true,"href":"https:\/\/energystudio-agency.ro\/demo15\/wp-json\/wp\/v2\/etheme_brands?post=20267"},{"taxonomy":"product_cat","embeddable":true,"href":"https:\/\/energystudio-agency.ro\/demo15\/wp-json\/wp\/v2\/product_cat?post=20267"},{"taxonomy":"product_tag","embeddable":true,"href":"https:\/\/energystudio-agency.ro\/demo15\/wp-json\/wp\/v2\/product_tag?post=20267"}],"curies":[{"name":"wp","href":"https:\/\/api.w.org\/{rel}","templated":true}]}}