{"id":20312,"date":"2022-12-13T22:30:09","date_gmt":"2022-12-13T22:30:09","guid":{"rendered":"https:\/\/energystudio-agency.ro\/demo15\/?post_type=product&#038;p=20312"},"modified":"2022-12-13T23:09:09","modified_gmt":"2022-12-13T23:09:09","slug":"after-shave-hidratant-pentru-barbati-50ml","status":"publish","type":"product","link":"https:\/\/energystudio-agency.ro\/demo15\/shop\/ingrijire-personala-cosmetice\/produse-bio\/cosmetice-naturale\/after-shave-hidratant-pentru-barbati-50ml\/","title":{"rendered":"After Shave hidratant pentru barbati 50ml"},"content":{"rendered":"<p>Conceput pentru pielea b\u0103rba\u021bilor, pe baz\u0103 de ingrediente naturale, crema stabilizeaz\u0103 nivelul de hidratare al pielii, previne \u0219i calmeaz\u0103 irita\u021biile cauzate de b\u0103rbierit.<\/p>\n<p>&nbsp;<\/p>\n<h2 class=\"vc_custom_heading\">BENEFICII:<\/h2>\n<div class=\"wpb_text_column wpb_content_element \">\n<div class=\"wpb_wrapper\">\n<p>Datorit\u0103 ingredientelor active antirid, reconstruie\u0219te fibrele de colagen responsabile de elasticitatea pielii, after shave-ul Alldaynatural \u00eembun\u0103t\u0103\u021be\u0219te tonusul, regenereaz\u0103 \u0219i neteze\u0219te liniile fine oferindu-i un aspect elegant, b\u0103rb\u0103tesc.<\/p>\n<p>&nbsp;<\/p>\n<p>Iluminant \u0219i non-gras este potrivit pentru toate tipurile de piele.<\/p>\n<\/div>\n<\/div>\n","protected":false},"excerpt":{"rendered":"<p>Conceput pentru pielea b\u0103rba\u021bilor, pe baz\u0103 de ingrediente naturale, crema stabilizeaz\u0103 nivelul de hidratare al pielii, previne \u0219i calmeaz\u0103 irita\u021biile cauzate de b\u0103rbierit. &nbsp; BENEFICII: Datorit\u0103 ingredientelor active antirid, reconstruie\u0219te fibrele de colagen responsabile de elasticitatea pielii, after shave-ul Alldaynatural \u00eembun\u0103t\u0103\u021be\u0219te tonusul, regenereaz\u0103 \u0219i neteze\u0219te&#8230;<\/p>\n","protected":false},"featured_media":20383,"comment_status":"open","ping_status":"closed","template":"","meta":[],"etheme_brands":[],"product_cat":[1160,1144,739,948],"product_tag":[1168,1169,757,1143,1170],"class_list":{"0":"post-20312","1":"product","2":"type-product","3":"status-publish","4":"has-post-thumbnail","6":"product_cat-cosmetice-naturale","7":"product_cat-for-man","8":"product_cat-ingrijire-ten","9":"product_cat-produse-bio","10":"product_tag-after-shave","11":"product_tag-for-man","12":"product_tag-hidratare","13":"product_tag-pentru-barbati","14":"product_tag-toate-tipurile-de-ten","16":"first","17":"instock","18":"shipping-taxable","19":"purchasable","20":"product-type-simple"},"_links":{"self":[{"href":"https:\/\/energystudio-agency.ro\/demo15\/wp-json\/wp\/v2\/product\/20312","targetHints":{"allow":["GET"]}}],"collection":[{"href":"https:\/\/energystudio-agency.ro\/demo15\/wp-json\/wp\/v2\/product"}],"about":[{"href":"https:\/\/energystudio-agency.ro\/demo15\/wp-json\/wp\/v2\/types\/product"}],"replies":[{"embeddable":true,"href":"https:\/\/energystudio-agency.ro\/demo15\/wp-json\/wp\/v2\/comments?post=20312"}],"version-history":[{"count":1,"href":"https:\/\/energystudio-agency.ro\/demo15\/wp-json\/wp\/v2\/product\/20312\/revisions"}],"predecessor-version":[{"id":20384,"href":"https:\/\/energystudio-agency.ro\/demo15\/wp-json\/wp\/v2\/product\/20312\/revisions\/20384"}],"wp:featuredmedia":[{"embeddable":true,"href":"https:\/\/energystudio-agency.ro\/demo15\/wp-json\/wp\/v2\/media\/20383"}],"wp:attachment":[{"href":"https:\/\/energystudio-agency.ro\/demo15\/wp-json\/wp\/v2\/media?parent=20312"}],"wp:term":[{"taxonomy":"brand","embeddable":true,"href":"https:\/\/energystudio-agency.ro\/demo15\/wp-json\/wp\/v2\/etheme_brands?post=20312"},{"taxonomy":"product_cat","embeddable":true,"href":"https:\/\/energystudio-agency.ro\/demo15\/wp-json\/wp\/v2\/product_cat?post=20312"},{"taxonomy":"product_tag","embeddable":true,"href":"https:\/\/energystudio-agency.ro\/demo15\/wp-json\/wp\/v2\/product_tag?post=20312"}],"curies":[{"name":"wp","href":"https:\/\/api.w.org\/{rel}","templated":true}]}}