{"id":20361,"date":"2022-12-13T22:31:01","date_gmt":"2022-12-13T22:31:01","guid":{"rendered":"https:\/\/energystudio-agency.ro\/demo15\/?post_type=product&#038;p=20361"},"modified":"2022-12-13T23:09:04","modified_gmt":"2022-12-13T23:09:04","slug":"ser-cu-vitamina-c-si-colagen-allday-natural","status":"publish","type":"product","link":"https:\/\/energystudio-agency.ro\/demo15\/shop\/ingrijire-personala-cosmetice\/produse-bio\/cosmetice-naturale\/ser-cu-vitamina-c-si-colagen-allday-natural\/","title":{"rendered":"Ser cu Vitamina C si Colagen AllDay Natural"},"content":{"rendered":"<p><strong>VITAMINA C \u00ceNCAPSULAT\u0102 \u00ceN LIPOZOMI<\/strong><\/p>\n<p>Stimuleaz\u0103 secre\u021bia de\u00a0<strong>COLAGEN<\/strong><\/p>\n<p>Efect de\u00a0<strong>UNIFORMIZARE<\/strong><\/p>\n<p>Reduce\u00a0<strong>HIPERPIGMENTAREA<\/strong><\/p>\n<p>&nbsp;<\/p>\n<p>Ser ultra-concentrat, cel mai mare aliat al pielii, ce ofer\u0103 o eficacitate inegalabil\u0103 datorit\u0103 con\u021binutului s\u0103u ridicat de Vitamina C, un antioxidant puternic de ultim\u0103 genera\u021bie, \u00eencapsulat \u00een lipozomi, cu un nivel \u00eenalt de penetrare a pielii.<\/p>\n<p>Formula C-GOLD con\u021bine o serie de antioxidan\u021bi ce au rolul de a neutraliza orice deteriorare celular\u0103 cauzat\u0103 de radicalii liberi. Fiecare antioxidant ac\u021bioneaz\u0103 asupra unei anumite zone a celulei, pentru a asigura o protec\u021bie complet\u0103.<\/p>\n<h2 class=\"vc_custom_heading\">BENEFICII<\/h2>\n<div class=\"wpb_text_column wpb_content_element \">\n<div class=\"wpb_wrapper\">\n<p>Confer\u0103 str\u0103lucire, repar\u0103 daunele agen\u021bilor externi, are efect anti-aging, reduce vizibilitatea liniilor, ridurilor \u0219i cearc\u0103nelor, atenueaz\u0103 petele pigmentare existente \u0219i previne apari\u021bia altor noi. \u00cen plus, piele \u00ee\u0219i recap\u0103t\u0103 fermitatea \u0219i luminozitatea.<\/p>\n<\/div>\n<\/div>\n","protected":false},"excerpt":{"rendered":"<p>VITAMINA C \u00ceNCAPSULAT\u0102 \u00ceN LIPOZOMI Stimuleaz\u0103 secre\u021bia de\u00a0COLAGEN Efect de\u00a0UNIFORMIZARE Reduce\u00a0HIPERPIGMENTAREA &nbsp; Ser ultra-concentrat, cel mai mare aliat al pielii, ce ofer\u0103 o eficacitate inegalabil\u0103 datorit\u0103 con\u021binutului s\u0103u ridicat de Vitamina C, un antioxidant puternic de ultim\u0103 genera\u021bie, \u00eencapsulat \u00een lipozomi, cu un nivel \u00eenalt&#8230;<\/p>\n","protected":false},"featured_media":20450,"comment_status":"open","ping_status":"closed","template":"","meta":[],"etheme_brands":[],"product_cat":[740,1160,1144,859,739,779,948,747,798,1193],"product_tag":[741,781,782,1173,750,1199,784,786],"class_list":{"0":"post-20361","1":"product","2":"type-product","3":"status-publish","4":"has-post-thumbnail","6":"product_cat-cearcane","7":"product_cat-cosmetice-naturale","8":"product_cat-for-man","9":"product_cat-gat-si-decolteu","10":"product_cat-ingrijire-ten","11":"product_cat-pete-pigmentare","12":"product_cat-produse-bio","13":"product_cat-riduri","14":"product_cat-seruri","15":"product_cat-seruri-bio","16":"product_tag-cearcane","17":"product_tag-hiperpigmentare","18":"product_tag-pete-pigmentare","19":"product_tag-produse-naturale","20":"product_tag-riduri","21":"product_tag-ser-cu-colagen","22":"product_tag-ser-cu-vitamina-c","23":"product_tag-vitamina-c","25":"first","26":"instock","27":"shipping-taxable","28":"purchasable","29":"product-type-simple"},"_links":{"self":[{"href":"https:\/\/energystudio-agency.ro\/demo15\/wp-json\/wp\/v2\/product\/20361","targetHints":{"allow":["GET"]}}],"collection":[{"href":"https:\/\/energystudio-agency.ro\/demo15\/wp-json\/wp\/v2\/product"}],"about":[{"href":"https:\/\/energystudio-agency.ro\/demo15\/wp-json\/wp\/v2\/types\/product"}],"replies":[{"embeddable":true,"href":"https:\/\/energystudio-agency.ro\/demo15\/wp-json\/wp\/v2\/comments?post=20361"}],"version-history":[{"count":1,"href":"https:\/\/energystudio-agency.ro\/demo15\/wp-json\/wp\/v2\/product\/20361\/revisions"}],"predecessor-version":[{"id":20451,"href":"https:\/\/energystudio-agency.ro\/demo15\/wp-json\/wp\/v2\/product\/20361\/revisions\/20451"}],"wp:featuredmedia":[{"embeddable":true,"href":"https:\/\/energystudio-agency.ro\/demo15\/wp-json\/wp\/v2\/media\/20450"}],"wp:attachment":[{"href":"https:\/\/energystudio-agency.ro\/demo15\/wp-json\/wp\/v2\/media?parent=20361"}],"wp:term":[{"taxonomy":"brand","embeddable":true,"href":"https:\/\/energystudio-agency.ro\/demo15\/wp-json\/wp\/v2\/etheme_brands?post=20361"},{"taxonomy":"product_cat","embeddable":true,"href":"https:\/\/energystudio-agency.ro\/demo15\/wp-json\/wp\/v2\/product_cat?post=20361"},{"taxonomy":"product_tag","embeddable":true,"href":"https:\/\/energystudio-agency.ro\/demo15\/wp-json\/wp\/v2\/product_tag?post=20361"}],"curies":[{"name":"wp","href":"https:\/\/api.w.org\/{rel}","templated":true}]}}