{"id":20363,"date":"2022-12-13T22:31:01","date_gmt":"2022-12-13T22:31:01","guid":{"rendered":"https:\/\/energystudio-agency.ro\/demo15\/?post_type=product&#038;p=20363"},"modified":"2022-12-13T23:09:04","modified_gmt":"2022-12-13T23:09:04","slug":"ser-revitalizant-pentru-par-100ml","status":"publish","type":"product","link":"https:\/\/energystudio-agency.ro\/demo15\/shop\/ingrijire-personala-cosmetice\/produse-bio\/par-bio\/ser-revitalizant-pentru-par-100ml\/","title":{"rendered":"Ser Revitalizant pentru par 100ml"},"content":{"rendered":"<p>Revitalizant capilar 2 \u00een 1, hidrateaz\u0103 scalpul \u0219i regenereaz\u0103 firul de p\u0103r. Serul pentru p\u0103r Alldaynatural, hr\u0103ne\u0219te \u0219i \u00eenfrumuse\u021beaz\u0103 aspectul fibrei capilare, \u00eembun\u0103t\u0103\u021be\u0219te elasticitatea \u0219i rezisten\u021ba, oferindu-i str\u0103lucire \u0219i un aspect s\u0103n\u0103tos. Stimuleaz\u0103 foliculii av\u00e2nd rol \u00een cre\u0219terea p\u0103rului, confer\u0103 str\u0103lucire, disciplineaz\u0103 p\u0103rul cre\u021b sau rebel.<\/p>\n<p>&nbsp;<\/p>\n<h2 class=\"vc_custom_heading\">BENEFICII:<\/h2>\n<div class=\"wpb_text_column wpb_content_element \">\n<div class=\"wpb_wrapper\">\n<p>Hr\u0103ne\u0219te intens p\u0103rul uscat, vopsit, degradat, trateaz\u0103 scalpul iritat \u0219i elimin\u0103 m\u0103trea\u021ba, \u00eel parfumeaz\u0103 discret, gra\u021bie parfumurilor naturale de iasomie, flori de\u00a0 portocal\u0103 \u0219i bumbac.<\/p>\n<p>Potrivit pentru toate tipurile de p\u0103r.<\/p>\n<\/div>\n<\/div>\n","protected":false},"excerpt":{"rendered":"<p>Revitalizant capilar 2 \u00een 1, hidrateaz\u0103 scalpul \u0219i regenereaz\u0103 firul de p\u0103r. Serul pentru p\u0103r Alldaynatural, hr\u0103ne\u0219te \u0219i \u00eenfrumuse\u021beaz\u0103 aspectul fibrei capilare, \u00eembun\u0103t\u0103\u021be\u0219te elasticitatea \u0219i rezisten\u021ba, oferindu-i str\u0103lucire \u0219i un aspect s\u0103n\u0103tos. Stimuleaz\u0103 foliculii av\u00e2nd rol \u00een cre\u0219terea p\u0103rului, confer\u0103 str\u0103lucire, disciplineaz\u0103 p\u0103rul cre\u021b sau&#8230;<\/p>\n","protected":false},"featured_media":20454,"comment_status":"open","ping_status":"closed","template":"","meta":[],"etheme_brands":[],"product_cat":[947,1200,1066,948,1067,949],"product_tag":[1201,1070,1100,1101,1073,1102],"class_list":{"0":"post-20363","1":"product","2":"type-product","3":"status-publish","4":"has-post-thumbnail","6":"product_cat-ingrijire-par","7":"product_cat-par-bio","8":"product_cat-par-blond","9":"product_cat-produse-bio","10":"product_cat-tratament","11":"product_cat-ulei","12":"product_tag-hranirea-parului","13":"product_tag-par-blond","14":"product_tag-par-deteriorat","15":"product_tag-par-vopsit","16":"product_tag-restaurarea-firului-de-par","17":"product_tag-ulei-de-par","19":"first","20":"instock","21":"shipping-taxable","22":"purchasable","23":"product-type-simple"},"_links":{"self":[{"href":"https:\/\/energystudio-agency.ro\/demo15\/wp-json\/wp\/v2\/product\/20363","targetHints":{"allow":["GET"]}}],"collection":[{"href":"https:\/\/energystudio-agency.ro\/demo15\/wp-json\/wp\/v2\/product"}],"about":[{"href":"https:\/\/energystudio-agency.ro\/demo15\/wp-json\/wp\/v2\/types\/product"}],"replies":[{"embeddable":true,"href":"https:\/\/energystudio-agency.ro\/demo15\/wp-json\/wp\/v2\/comments?post=20363"}],"version-history":[{"count":1,"href":"https:\/\/energystudio-agency.ro\/demo15\/wp-json\/wp\/v2\/product\/20363\/revisions"}],"predecessor-version":[{"id":20455,"href":"https:\/\/energystudio-agency.ro\/demo15\/wp-json\/wp\/v2\/product\/20363\/revisions\/20455"}],"wp:featuredmedia":[{"embeddable":true,"href":"https:\/\/energystudio-agency.ro\/demo15\/wp-json\/wp\/v2\/media\/20454"}],"wp:attachment":[{"href":"https:\/\/energystudio-agency.ro\/demo15\/wp-json\/wp\/v2\/media?parent=20363"}],"wp:term":[{"taxonomy":"brand","embeddable":true,"href":"https:\/\/energystudio-agency.ro\/demo15\/wp-json\/wp\/v2\/etheme_brands?post=20363"},{"taxonomy":"product_cat","embeddable":true,"href":"https:\/\/energystudio-agency.ro\/demo15\/wp-json\/wp\/v2\/product_cat?post=20363"},{"taxonomy":"product_tag","embeddable":true,"href":"https:\/\/energystudio-agency.ro\/demo15\/wp-json\/wp\/v2\/product_tag?post=20363"}],"curies":[{"name":"wp","href":"https:\/\/api.w.org\/{rel}","templated":true}]}}