{"id":20411,"date":"2022-12-13T22:31:23","date_gmt":"2022-12-13T22:31:23","guid":{"rendered":"https:\/\/energystudio-agency.ro\/demo15\/?post_type=product&#038;p=20411"},"modified":"2022-12-13T23:09:03","modified_gmt":"2022-12-13T23:09:03","slug":"ser-tratament-antimatreata-allday-natural-250ml","status":"publish","type":"product","link":"https:\/\/energystudio-agency.ro\/demo15\/shop\/ingrijire-personala-cosmetice\/produse-bio\/par-bio\/ser-tratament-antimatreata-allday-natural-250ml\/","title":{"rendered":"Ser tratament antimatreata AllDay Natural 250ml"},"content":{"rendered":"<p><strong>Seboreglatoare &amp; Antifungic Natural<\/strong><\/p>\n<p><strong>Dermatit\u0103 seboreic\u0103, irita\u021bii ale scalpului, r\u0103d\u0103cini groase<\/strong><\/p>\n<p>&nbsp;<\/p>\n<p>Ser tratament antim\u0103trea\u021b\u0103 Alldaynatural, \u00eembog\u0103\u021bit cu active vegetale pentru \u00eengrijirea p\u0103rului \u0219i a scalpului uscat sau gros, afectat de m\u0103trea\u021b\u0103, ce revitalizeaz\u0103 \u0219i fortifiaz\u0103 fibra capilar\u0103, oferind p\u0103rului un aspect m\u0103t\u0103sos \u0219i str\u0103lucitor. Are un efect antibacterian, seboreglator, antifungic \u0219i stimuleaz\u0103 re\u00eennoirea celular\u0103, regener\u00e2nd structura p\u0103rului pe \u00eentreaga sa lungime. Con\u021bine o combina\u021bie de ingrediente naturale ce ac\u021bioneaz\u0103 eficient pentru a elimina m\u0103trea\u021ba \u0219i a preveni apari\u021bia acesteia.<\/p>\n<p><strong>Nu con\u021bine sulfa\u021bi, parabeni, silicon sintetic sau uleiuri minerale.<\/strong><\/p>\n<p><strong>Utilizare:<\/strong>\u00a0Se recomand\u0103 utilizarea de 2-4 ori pe s\u0103pt\u0103m\u00e2n\u0103. \u00cenainte de sp\u0103larea p\u0103rului aplica\u021bi o cantitate suficient\u0103 de ser la r\u0103d\u0103cina p\u0103rului, l\u0103s\u00e2nd s\u0103 ac\u021bioneze 15-20 de minute. Masa\u021bi u\u0219or, insistent asupra zonelor afectate, pentru a facilita absor\u021bia ingredientelor active. Dup\u0103 aceea sp\u0103la\u021bi p\u0103rul normal. Utiliza\u021bi serul p\u00e2n\u0103 la dispari\u021bia complet\u0103 a m\u0103tre\u021bii, iar apoi odat\u0103 la dou\u0103 s\u0103pt\u0103m\u00e2ni, pentru a \u00eempiedica recidiva. Pentru efecte optime, utiliza\u021bi \u00eentreaga gam\u0103 de produse antim\u0103trea\u021b\u0103 Alldaynatural.<span class=\"Apple-converted-space\">\u00a0<\/span><\/p>\n<p><strong>\u2022Seboreglator \u00a0\u2022Antiinflamator \u00a0\u2022Antimicrobian \u00a0\u2022Antifungic natural\u00a0<\/strong><\/p>\n<p>Redea str\u0103lucirea, stimuleaz\u0103 cre\u0219terea \u0219i spore\u0219te vitalitatea podoabei capilare;<\/p>\n<p>Regleaz\u0103 secre\u021bia de sebum \u0219i amelioreaz\u0103 irita\u021biile scalpului;<\/p>\n<p>Previne \u0219i combate m\u0103trea\u021ba | Produs unisex.<span class=\"Apple-converted-space\">\u00a0<\/span><\/p>\n<p>A se p\u0103stra la temperaturi cuprinse \u00eentre 4-25 \u00b0C. Contraindicat persoanelor cu hipersensibilitate la unul din ingrediente. A nu se ingera.<span class=\"Apple-converted-space\">\u00a0<\/span><\/p>\n<p><strong>Inci\/Ingrediente:<\/strong>\u00a0aqua, alcohol denat, rosmarinus officinalis (rosemary) leaf extract, nasturtium officinale extract, salvia officinalis leaf extract, niacinamide, biotin, butlylene glycol, barosma betulina leaf extract, sulfur, peg-30 castor oil, panthenol, glycerin, benzyl alcohol, chlorphenesin, methylpropanediol, 4-terpineol, salycilic acid, salix alba (willow) bark extract, parfum, citric acid, edta, linalool, limonene.<\/p>\n","protected":false},"excerpt":{"rendered":"<p>Seboreglatoare &amp; Antifungic Natural Dermatit\u0103 seboreic\u0103, irita\u021bii ale scalpului, r\u0103d\u0103cini groase &nbsp; Ser tratament antim\u0103trea\u021b\u0103 Alldaynatural, \u00eembog\u0103\u021bit cu active vegetale pentru \u00eengrijirea p\u0103rului \u0219i a scalpului uscat sau gros, afectat de m\u0103trea\u021b\u0103, ce revitalizeaz\u0103 \u0219i fortifiaz\u0103 fibra capilar\u0103, oferind p\u0103rului un aspect m\u0103t\u0103sos \u0219i str\u0103lucitor&#8230;.<\/p>\n","protected":false},"featured_media":20487,"comment_status":"open","ping_status":"closed","template":"","meta":[],"etheme_brands":[],"product_cat":[947,1200,948,1067],"product_tag":[1214,1213,1173,1216,1217],"class_list":{"0":"post-20411","1":"product","2":"type-product","3":"status-publish","4":"has-post-thumbnail","6":"product_cat-ingrijire-par","7":"product_cat-par-bio","8":"product_cat-produse-bio","9":"product_cat-tratament","10":"product_tag-antimatreata","11":"product_tag-matreata","12":"product_tag-produse-naturale","13":"product_tag-ser-antimatreata","14":"product_tag-tratament-matreata","16":"first","17":"instock","18":"shipping-taxable","19":"purchasable","20":"product-type-simple"},"_links":{"self":[{"href":"https:\/\/energystudio-agency.ro\/demo15\/wp-json\/wp\/v2\/product\/20411","targetHints":{"allow":["GET"]}}],"collection":[{"href":"https:\/\/energystudio-agency.ro\/demo15\/wp-json\/wp\/v2\/product"}],"about":[{"href":"https:\/\/energystudio-agency.ro\/demo15\/wp-json\/wp\/v2\/types\/product"}],"replies":[{"embeddable":true,"href":"https:\/\/energystudio-agency.ro\/demo15\/wp-json\/wp\/v2\/comments?post=20411"}],"version-history":[{"count":1,"href":"https:\/\/energystudio-agency.ro\/demo15\/wp-json\/wp\/v2\/product\/20411\/revisions"}],"predecessor-version":[{"id":20488,"href":"https:\/\/energystudio-agency.ro\/demo15\/wp-json\/wp\/v2\/product\/20411\/revisions\/20488"}],"wp:featuredmedia":[{"embeddable":true,"href":"https:\/\/energystudio-agency.ro\/demo15\/wp-json\/wp\/v2\/media\/20487"}],"wp:attachment":[{"href":"https:\/\/energystudio-agency.ro\/demo15\/wp-json\/wp\/v2\/media?parent=20411"}],"wp:term":[{"taxonomy":"brand","embeddable":true,"href":"https:\/\/energystudio-agency.ro\/demo15\/wp-json\/wp\/v2\/etheme_brands?post=20411"},{"taxonomy":"product_cat","embeddable":true,"href":"https:\/\/energystudio-agency.ro\/demo15\/wp-json\/wp\/v2\/product_cat?post=20411"},{"taxonomy":"product_tag","embeddable":true,"href":"https:\/\/energystudio-agency.ro\/demo15\/wp-json\/wp\/v2\/product_tag?post=20411"}],"curies":[{"name":"wp","href":"https:\/\/api.w.org\/{rel}","templated":true}]}}