{"id":20414,"date":"2022-12-13T22:31:24","date_gmt":"2022-12-13T22:31:24","guid":{"rendered":"https:\/\/energystudio-agency.ro\/demo15\/?post_type=product&#038;p=20414"},"modified":"2022-12-13T23:09:00","modified_gmt":"2022-12-13T23:09:00","slug":"ser-tratament-nutritiv-allday-natural-250ml","status":"publish","type":"product","link":"https:\/\/energystudio-agency.ro\/demo15\/shop\/ingrijire-personala-cosmetice\/produse-bio\/par-bio\/ser-tratament-nutritiv-allday-natural-250ml\/","title":{"rendered":"Ser tratament Nutritiv AllDay Natural 250ml"},"content":{"rendered":"<p><strong>Hidrateaz\u0103, Hr\u0103ne\u0219te &amp; Fotifieaz\u0103<\/strong><\/p>\n<p><strong>P\u0103r agresat termic sau decolorat, fir de p\u0103r aspru<\/strong><\/p>\n<p>Ser tratament all day natural, \u00eembog\u0103\u021bit cu active vegetale pentru hr\u0103nirea \u00een profunzime a p\u0103rului uscat \u0219i degradat, ce fortifiaz\u0103 fibra capilar\u0103, oferind p\u0103rului un aspect m\u0103t\u0103sos \u0219i str\u0103lucitor. Are un efect intens hidratant \u0219i ac\u021bioneaz\u0103 eficient la r\u0103d\u0103cin\u0103 pentru hr\u0103nirea si \u00eembun\u0103t\u0103\u021birea structurii cuticulelor, regener\u00e2nd structura p\u0103rului pe \u00eentreaga sa lungime. Con\u021bine o combina\u021bie de ingrediente naturale ce ac\u021bioneaz\u0103 eficient la revitalizarea p\u0103rului, acesta devenind moale \u0219i fin.<\/p>\n<p><strong>Nu con\u021bine sulfa\u021bi, parabeni, silicon sintetic sau uleiuri minerale.<\/strong><\/p>\n<p><strong>Utilizare:<\/strong>\u00a0Se recomand\u0103 utilizarea de 2\u20134 ori pe s\u0103pt\u0103m\u00e2n\u0103. \u00cenainte de sp\u0103larea p\u0103rului aplica\u021bi o cantitate suficient\u0103 de ser la r\u0103d\u0103cina p\u0103rului, l\u0103s\u00e2nd s\u0103 ac\u021bioneze 15\u201320 de minute. Masa\u021bi u\u0219or, insist\u00e2nd asupra zonelor afectate, pentru a facilita absorb\u021bia ingredientelor active. Dup\u0103 aceea sp\u0103la\u021bi p\u0103rul normal. Utiliza\u021bi serul p\u00e2n\u0103 la dispari\u021bia complet\u0103 a m\u0103tre\u021bii, iar apoi odat\u0103 la dou\u0103 s\u0103pt\u0103m\u00e2ni, pentru a \u00eempiedica recidiva. Pentru efecte optime, utiliza\u021bi \u00eentreaga gam\u0103 de produse nutritive Alldaynatural.<\/p>\n<p><strong>\u2022Nutritiv \u00a0\u2022Hidratant \u00a0\u2022Reparator \u00a0\u2022Protector culoare<\/strong><\/p>\n<p>Hr\u0103ne\u0219te p\u0103rul de la r\u0103d\u0103cin\u0103 p\u00e2n\u0103 la v\u00e2rf \u0219i \u00eel protejeaz\u0103 de agresiunile mediului;<span class=\"Apple-converted-space\">\u00a0<\/span><\/p>\n<p>Red\u0103 str\u0103lucirea firului de p\u0103r \u0219i \u00eel fortifiaz\u0103;<span class=\"Apple-converted-space\">\u00a0<\/span><\/p>\n<p>Men\u021bine p\u0103rul puternic, catifelat \u0219i u\u0219or de piept\u0103nat | Produs unisex.<\/p>\n<p>A se p\u0103stra la temperaturi cuprinse \u00eentre 4-25\u00b0C. Contraindicat persoanelor cu hipersensibilitate la unul din ingrediente. A nu se ingera.<\/p>\n<p>Inci\/Ingrediente: aqua, alcohol, glycerin, humulus lupulus extract, aloe barbadensis leaf juice, hamamelis virginiana leaf extract, equisetum arvense extract, salvia officinalis leaf extract, centella asiatica extract, citrus limon peel extract, pinus sylvestris bud extract, propane<\/p>\n<p>&nbsp;<\/p>\n","protected":false},"excerpt":{"rendered":"<p>Hidrateaz\u0103, Hr\u0103ne\u0219te &amp; Fotifieaz\u0103 P\u0103r agresat termic sau decolorat, fir de p\u0103r aspru Ser tratament all day natural, \u00eembog\u0103\u021bit cu active vegetale pentru hr\u0103nirea \u00een profunzime a p\u0103rului uscat \u0219i degradat, ce fortifiaz\u0103 fibra capilar\u0103, oferind p\u0103rului un aspect m\u0103t\u0103sos \u0219i str\u0103lucitor. Are un efect&#8230;<\/p>\n","protected":false},"featured_media":20493,"comment_status":"open","ping_status":"closed","template":"","meta":[],"etheme_brands":[],"product_cat":[947,1200,948,1067,949],"product_tag":[1173,1226,1227,1228,1229],"class_list":{"0":"post-20414","1":"product","2":"type-product","3":"status-publish","4":"has-post-thumbnail","6":"product_cat-ingrijire-par","7":"product_cat-par-bio","8":"product_cat-produse-bio","9":"product_cat-tratament","10":"product_cat-ulei","11":"product_tag-produse-naturale","12":"product_tag-ser-de-par","13":"product_tag-ser-nutitiv","14":"product_tag-ser-regenerant-de-par","15":"product_tag-ser-tratament-nutrituv","17":"first","18":"instock","19":"shipping-taxable","20":"purchasable","21":"product-type-simple"},"_links":{"self":[{"href":"https:\/\/energystudio-agency.ro\/demo15\/wp-json\/wp\/v2\/product\/20414","targetHints":{"allow":["GET"]}}],"collection":[{"href":"https:\/\/energystudio-agency.ro\/demo15\/wp-json\/wp\/v2\/product"}],"about":[{"href":"https:\/\/energystudio-agency.ro\/demo15\/wp-json\/wp\/v2\/types\/product"}],"replies":[{"embeddable":true,"href":"https:\/\/energystudio-agency.ro\/demo15\/wp-json\/wp\/v2\/comments?post=20414"}],"version-history":[{"count":1,"href":"https:\/\/energystudio-agency.ro\/demo15\/wp-json\/wp\/v2\/product\/20414\/revisions"}],"predecessor-version":[{"id":20494,"href":"https:\/\/energystudio-agency.ro\/demo15\/wp-json\/wp\/v2\/product\/20414\/revisions\/20494"}],"wp:featuredmedia":[{"embeddable":true,"href":"https:\/\/energystudio-agency.ro\/demo15\/wp-json\/wp\/v2\/media\/20493"}],"wp:attachment":[{"href":"https:\/\/energystudio-agency.ro\/demo15\/wp-json\/wp\/v2\/media?parent=20414"}],"wp:term":[{"taxonomy":"brand","embeddable":true,"href":"https:\/\/energystudio-agency.ro\/demo15\/wp-json\/wp\/v2\/etheme_brands?post=20414"},{"taxonomy":"product_cat","embeddable":true,"href":"https:\/\/energystudio-agency.ro\/demo15\/wp-json\/wp\/v2\/product_cat?post=20414"},{"taxonomy":"product_tag","embeddable":true,"href":"https:\/\/energystudio-agency.ro\/demo15\/wp-json\/wp\/v2\/product_tag?post=20414"}],"curies":[{"name":"wp","href":"https:\/\/api.w.org\/{rel}","templated":true}]}}