{"id":24719,"date":"2022-12-15T08:46:27","date_gmt":"2022-12-15T08:46:27","guid":{"rendered":"https:\/\/energystudio-agency.ro\/demo15\/?post_type=product&#038;p=24719"},"modified":"2022-12-15T08:53:38","modified_gmt":"2022-12-15T08:53:38","slug":"pachet-promotional-invertor-sudura-invertec-220tpx-lincoln-electric","status":"publish","type":"product","link":"https:\/\/energystudio-agency.ro\/demo15\/shop\/diverse\/pachet-promotional-invertor-sudura-invertec-220tpx-lincoln-electric\/","title":{"rendered":"Pachet Promotional Invertor sudura Invertec 220TPX Lincoln Electric"},"content":{"rendered":"<h2>Invertor sudura Invertec 220TPX Lincoln Electric<\/h2>\n<p>Invertec\u00ae\u00a0 220TPX, sursa WIG \u0219i SEM, combin\u0103 construc\u021bia industrial\u0103 solid\u0103 cu excelente caracteristici ale arcului. Aparatele sunt complet dotate pentru sudarea WIG \u00een curent continuu, cu un control superior al arcului \u0219i amorsare perfect\u0103 \u00een orice condi\u021bii de sudare.<\/p>\n<p>Pot fi folosite, de asemenea, pentru sudare SEM cu o gam\u0103 larg\u0103 de electrozi \u00eenveli\u021bi. Conceptul portabil \u0219i robust le face ideale at\u00e2t pentru lucrul pe \u0219antier, dar \u0219i \u00een atelier. Invertec\u00ae 220TPX include \u0219i circuitul Power Factor Correction (PFC), astfel \u00eenc\u00e2t poate suda cu p\u00e2n\u0103 la 220A alimentat de la o re\u021bea monofazat\u0103 de 16A.<\/p>\n<p>Toate modelele sunt capabile s\u0103 lucreze \u0219i alimentate de la un motogenerator.<\/p>\n<p>Pachetul contine:<\/p>\n<ol>\n<li>Invertor sudura INVERTEC 220 TPX Lincoln Electric<\/li>\n<li>Pistolet WTT2 26 EB C5B,8m<\/li>\n<li>Clema masa<\/li>\n<li>Cablu 35mm 300A<\/li>\n<li>Set de 3 duze ceramice<\/li>\n<\/ol>\n<p>Avantaje:<\/p>\n<p>Tehnologie invertor avansat\u0103, pentru performan\u021be superioare WIG.<\/p>\n<p>Panou de comand\u0103 complet dotat \u0219i u\u0219or de utilizat, cu simboluri grafice \u0219i afi\u0219aj digital pentru o mai u\u0219oar\u0103 reglare a parametrilor de sudare.<\/p>\n<p>Construc\u021bie solid\u0103: securitate electric\u0103 (IP23), pl\u0103ci de comand\u0103 capsulate, traseu optimizat al aerului de r\u0103cire pentru a reduce contaminarea \u0219i a extinde durata de via\u021b\u0103 a echipamentului chiar \u0219i \u00een cele mai dure condi\u021bii de mediu.<\/p>\n<p>Amorsare HF dar \u0219i Lift TIG, pentru \u00eendeplinirea tuturor cerin\u021belor.<\/p>\n<p>Amorsare WIG HF perfect\u0103, cu posibilitate de presetare a parametrilor.<\/p>\n<p>Set complet de parametri WIG reglabili: curent pulsat WIG cu frecven\u021b\u0103 reglabil\u0103, care permite reglarea concentr\u0103rii arcului \u00een func\u021bie de cerin\u021bele aplica\u021biei, 10 loca\u021bii de memorie, pentru set\u0103ri personalizate de sudare, sudare WIG \u00een puncte (la 170TPX \u0219i 220TPX).<\/p>\n<p>Circuit PFC (Power Factor Correction): cu 30% mai mult curent de sudare la acela\u0219i curent de alimentare; alimentare 115-230V (+15%-10%) monofazat\u0103, consum redus de energie, curen\u021bi armonici sc\u0103zu\u021bi \u0219i reducerea cantit\u0103\u021bii de CO2 produs\u0103 \u00een procesul de sudare (220TPX).<\/p>\n","protected":false},"excerpt":{"rendered":"<p>Invertor sudura Invertec 220TPX Lincoln Electric<\/p>\n<p>Pachetul contine:<\/p>\n<ol>\n<li>Invertor sudura INVERTEC 220 TPX Lincoln Electric<\/li>\n<li>Pistolet WTT2 26 EB C5B,8m<\/li>\n<li>Clema masa<\/li>\n<li>Cablu 35mm 300A<\/li>\n<li>Set de 3 duze ceramice<\/li>\n<\/ol>\n<p>&nbsp;<\/p>\n","protected":false},"featured_media":24744,"comment_status":"open","ping_status":"closed","template":"","meta":[],"etheme_brands":[],"product_cat":[681],"product_tag":[],"class_list":{"0":"post-24719","1":"product","2":"type-product","3":"status-publish","4":"has-post-thumbnail","6":"product_cat-diverse","8":"first","9":"instock","10":"shipping-taxable","11":"purchasable","12":"product-type-simple"},"_links":{"self":[{"href":"https:\/\/energystudio-agency.ro\/demo15\/wp-json\/wp\/v2\/product\/24719","targetHints":{"allow":["GET"]}}],"collection":[{"href":"https:\/\/energystudio-agency.ro\/demo15\/wp-json\/wp\/v2\/product"}],"about":[{"href":"https:\/\/energystudio-agency.ro\/demo15\/wp-json\/wp\/v2\/types\/product"}],"replies":[{"embeddable":true,"href":"https:\/\/energystudio-agency.ro\/demo15\/wp-json\/wp\/v2\/comments?post=24719"}],"version-history":[{"count":1,"href":"https:\/\/energystudio-agency.ro\/demo15\/wp-json\/wp\/v2\/product\/24719\/revisions"}],"predecessor-version":[{"id":24748,"href":"https:\/\/energystudio-agency.ro\/demo15\/wp-json\/wp\/v2\/product\/24719\/revisions\/24748"}],"wp:featuredmedia":[{"embeddable":true,"href":"https:\/\/energystudio-agency.ro\/demo15\/wp-json\/wp\/v2\/media\/24744"}],"wp:attachment":[{"href":"https:\/\/energystudio-agency.ro\/demo15\/wp-json\/wp\/v2\/media?parent=24719"}],"wp:term":[{"taxonomy":"brand","embeddable":true,"href":"https:\/\/energystudio-agency.ro\/demo15\/wp-json\/wp\/v2\/etheme_brands?post=24719"},{"taxonomy":"product_cat","embeddable":true,"href":"https:\/\/energystudio-agency.ro\/demo15\/wp-json\/wp\/v2\/product_cat?post=24719"},{"taxonomy":"product_tag","embeddable":true,"href":"https:\/\/energystudio-agency.ro\/demo15\/wp-json\/wp\/v2\/product_tag?post=24719"}],"curies":[{"name":"wp","href":"https:\/\/api.w.org\/{rel}","templated":true}]}}